Last updated on 2025-10-25 05:49:56 CEST.
| Flavor | Version | Tinstall | Tcheck | Ttotal | Status | Flags | 
|---|---|---|---|---|---|---|
| r-devel-linux-x86_64-debian-clang | 1.3.5 | 19.75 | 109.76 | 129.51 | NOTE | |
| r-devel-linux-x86_64-debian-gcc | 1.3.5 | 14.66 | 80.40 | 95.06 | NOTE | |
| r-devel-linux-x86_64-fedora-clang | 1.3.5 | 41.00 | 163.01 | 204.01 | NOTE | |
| r-devel-linux-x86_64-fedora-gcc | 1.3.5 | 53.00 | 164.82 | 217.82 | NOTE | |
| r-devel-windows-x86_64 | 1.3.5 | 17.00 | 112.00 | 129.00 | NOTE | |
| r-patched-linux-x86_64 | 1.3.5 | 21.86 | 109.41 | 131.27 | NOTE | |
| r-release-linux-x86_64 | 1.3.5 | 20.79 | 109.64 | 130.43 | NOTE | |
| r-release-macos-arm64 | 1.3.5 | 26.00 | 72.00 | 98.00 | NOTE | |
| r-release-macos-x86_64 | 1.3.5 | 24.00 | 108.00 | 132.00 | NOTE | |
| r-release-windows-x86_64 | 1.3.5 | 17.00 | 111.00 | 128.00 | NOTE | |
| r-oldrel-macos-arm64 | 1.3.5 | 17.00 | 67.00 | 84.00 | NOTE | |
| r-oldrel-macos-x86_64 | 1.3.5 | 17.00 | 124.00 | 141.00 | NOTE | |
| r-oldrel-windows-x86_64 | 1.3.5 | 18.00 | 125.00 | 143.00 | NOTE | 
Version: 1.3.5
Check: CRAN incoming feasibility
Result: NOTE
  Maintainer: ‘Hans Peter Wolf <pwolf@wiwi.uni-bielefeld.de>’
  
  No Authors@R field in DESCRIPTION.
  Please add one, modifying
    Authors@R: person(given = c("Hans", "Peter"),
                      family = "Wolf",
                      role = c("aut", "cre"),
                      email = "pwolf@wiwi.uni-bielefeld.de")
  as necessary.
Flavors: r-devel-linux-x86_64-debian-clang, r-devel-linux-x86_64-debian-gcc
Version: 1.3.5
Check: Rd files
Result: NOTE
  checkRd: (-1) iconplot.Rd:172: Lost braces
     172 |     the height of the area containing the panels and a margin of size code{100 * 0.1} 
         |                                                                           ^
Flavors: r-devel-linux-x86_64-debian-clang, r-devel-linux-x86_64-debian-gcc, r-devel-linux-x86_64-fedora-clang, r-devel-linux-x86_64-fedora-gcc, r-devel-windows-x86_64, r-patched-linux-x86_64, r-release-linux-x86_64, r-release-macos-arm64, r-release-macos-x86_64, r-release-windows-x86_64, r-oldrel-macos-arm64, r-oldrel-macos-x86_64, r-oldrel-windows-x86_64
These binaries (installable software) and packages are in development.
They may not be fully stable and should be used with caution. We make no claims about them.