Last updated on 2025-05-01 14:49:04 CEST.
Flavor | Version | Tinstall | Tcheck | Ttotal | Status | Flags |
---|---|---|---|---|---|---|
r-devel-linux-x86_64-debian-clang | 1.3.5 | 21.53 | 110.36 | 131.89 | NOTE | |
r-devel-linux-x86_64-debian-gcc | 1.3.5 | 17.14 | 78.63 | 95.77 | NOTE | |
r-devel-linux-x86_64-fedora-clang | 1.3.5 | 227.72 | NOTE | |||
r-devel-linux-x86_64-fedora-gcc | 1.3.5 | 228.53 | NOTE | |||
r-devel-windows-x86_64 | 1.3.5 | 16.00 | 116.00 | 132.00 | NOTE | |
r-patched-linux-x86_64 | 1.3.5 | 21.52 | 105.53 | 127.05 | NOTE | |
r-release-linux-x86_64 | NOTE | |||||
r-release-macos-arm64 | 1.3.5 | 98.00 | NOTE | |||
r-release-macos-x86_64 | 1.3.5 | 132.00 | NOTE | |||
r-release-windows-x86_64 | 1.3.5 | 17.00 | 132.00 | 149.00 | NOTE | |
r-oldrel-macos-arm64 | 1.3.5 | 84.00 | NOTE | |||
r-oldrel-macos-x86_64 | 1.3.5 | 141.00 | NOTE | |||
r-oldrel-windows-x86_64 | 1.3.5 | 18.00 | 108.00 | 126.00 | NOTE |
Version: 1.3.5
Check: CRAN incoming feasibility
Result: NOTE
Maintainer: ‘Hans Peter Wolf <pwolf@wiwi.uni-bielefeld.de>’
No Authors@R field in DESCRIPTION.
Please add one, modifying
Authors@R: person(given = c("Hans", "Peter"),
family = "Wolf",
role = c("aut", "cre"),
email = "pwolf@wiwi.uni-bielefeld.de")
as necessary.
Flavors: r-devel-linux-x86_64-debian-clang, r-devel-linux-x86_64-debian-gcc
Version: 1.3.5
Check: Rd files
Result: NOTE
checkRd: (-1) iconplot.Rd:172: Lost braces
172 | the height of the area containing the panels and a margin of size code{100 * 0.1}
| ^
Flavors: r-devel-linux-x86_64-debian-clang, r-devel-linux-x86_64-debian-gcc, r-devel-linux-x86_64-fedora-clang, r-devel-linux-x86_64-fedora-gcc, r-devel-windows-x86_64, r-patched-linux-x86_64, r-release-linux-x86_64, r-release-macos-arm64, r-release-macos-x86_64, r-release-windows-x86_64, r-oldrel-macos-arm64, r-oldrel-macos-x86_64, r-oldrel-windows-x86_64
Version: 1.3.5
Check: examples
Result: NOTE
Examples with CPU (user + system) or elapsed time > 5s
user system elapsed
puticon 4.191 0.394 5.165
Flavor: r-devel-linux-x86_64-debian-clang
These binaries (installable software) and packages are in development.
They may not be fully stable and should be used with caution. We make no claims about them.