CRAN Package Check Results for Package apng

Last updated on 2025-07-01 15:49:41 CEST.

Flavor Version Tinstall Tcheck Ttotal Status Flags
r-devel-linux-x86_64-debian-clang 1.1 1.70 19.80 21.50 NOTE
r-devel-linux-x86_64-debian-gcc 1.1 1.47 16.54 18.01 NOTE
r-devel-linux-x86_64-fedora-clang 1.1 32.91 OK
r-devel-linux-x86_64-fedora-gcc 1.1 31.75 OK
r-devel-windows-x86_64 1.1 2.00 48.00 50.00 OK
r-patched-linux-x86_64 OK
r-release-linux-x86_64 1.1 1.48 18.58 20.06 OK
r-release-macos-arm64 1.1 30.00 OK
r-release-macos-x86_64 1.1 26.00 OK
r-release-windows-x86_64 1.1 2.00 50.00 52.00 OK
r-oldrel-macos-arm64 1.1 22.00 OK
r-oldrel-macos-x86_64 1.1 21.00 OK
r-oldrel-windows-x86_64 1.1 4.00 48.00 52.00 OK

Check Details

Version: 1.1
Check: CRAN incoming feasibility
Result: NOTE Maintainer: ‘Quinten Stokkink <q.a.stokkink@tudelft.nl>’ No Authors@R field in DESCRIPTION. Please add one, modifying Authors@R: person(given = "Quinten", family = "Stokkink", role = c("aut", "cre"), email = "q.a.stokkink@tudelft.nl") as necessary. Flavors: r-devel-linux-x86_64-debian-clang, r-devel-linux-x86_64-debian-gcc

These binaries (installable software) and packages are in development.
They may not be fully stable and should be used with caution. We make no claims about them.