Last updated on 2024-07-27 15:50:11 CEST.
Flavor | Version | Tinstall | Tcheck | Ttotal | Status | Flags |
---|---|---|---|---|---|---|
r-devel-linux-x86_64-debian-clang | 0.3.3 | 85.72 | 284.80 | 370.52 | NOTE | |
r-devel-linux-x86_64-debian-gcc | 0.3.3 | NOTE | ||||
r-devel-linux-x86_64-fedora-clang | 0.3.3 | 477.37 | OK | |||
r-devel-linux-x86_64-fedora-gcc | 0.3.3 | 448.20 | OK | |||
r-devel-windows-x86_64 | 0.3.3 | 71.00 | 202.00 | 273.00 | OK | |
r-patched-linux-x86_64 | 0.3.3 | NOTE | ||||
r-release-linux-x86_64 | 0.3.3 | 76.33 | 259.37 | 335.70 | NOTE | |
r-release-macos-arm64 | 0.3.3 | 96.00 | OK | |||
r-release-macos-x86_64 | 0.3.3 | 192.00 | OK | |||
r-release-windows-x86_64 | 0.3.3 | 76.00 | 199.00 | 275.00 | OK | |
r-oldrel-macos-arm64 | 0.3.3 | 114.00 | OK | |||
r-oldrel-macos-x86_64 | 0.3.3 | 239.00 | OK | |||
r-oldrel-windows-x86_64 | 0.3.3 | 85.00 | 258.00 | 343.00 | OK |
Version: 0.3.3
Check: R code for possible problems
Result: NOTE
Found the following calls to attach():
File ‘apollo/R/apollo_attach.R’:
attach(as.list(apollo_beta), warn.conflicts = FALSE)
attach(database, warn.conflicts = FALSE)
attach(draws, warn.conflicts = FALSE)
attach(randcoeff, warn.conflicts = FALSE)
attach(lcpars, warn.conflicts = FALSE)
See section ‘Good practice’ in ‘?attach’.
Flavors: r-devel-linux-x86_64-debian-clang, r-devel-linux-x86_64-debian-gcc, r-patched-linux-x86_64, r-release-linux-x86_64
These binaries (installable software) and packages are in development.
They may not be fully stable and should be used with caution. We make no claims about them.