Last updated on 2025-07-02 01:51:31 CEST.
Flavor | Version | Tinstall | Tcheck | Ttotal | Status | Flags |
---|---|---|---|---|---|---|
r-devel-linux-x86_64-debian-clang | 0.3.5 | 71.80 | 221.82 | 293.62 | NOTE | |
r-devel-linux-x86_64-debian-gcc | 0.3.5 | 46.14 | 138.89 | 185.03 | NOTE | |
r-devel-linux-x86_64-fedora-clang | 0.3.5 | 491.89 | OK | |||
r-devel-linux-x86_64-fedora-gcc | 0.3.5 | 478.92 | OK | |||
r-devel-windows-x86_64 | 0.3.5 | 77.00 | 219.00 | 296.00 | OK | |
r-patched-linux-x86_64 | NOTE | |||||
r-release-linux-x86_64 | 0.3.5 | 64.20 | 208.48 | 272.68 | NOTE | |
r-release-macos-arm64 | 0.3.5 | 134.00 | OK | |||
r-release-macos-x86_64 | 0.3.5 | 276.00 | OK | |||
r-release-windows-x86_64 | 0.3.5 | 77.00 | 217.00 | 294.00 | OK | |
r-oldrel-macos-arm64 | 0.3.5 | 114.00 | OK | |||
r-oldrel-macos-x86_64 | 0.3.5 | 226.00 | OK | |||
r-oldrel-windows-x86_64 | 0.3.5 | 95.00 | 285.00 | 380.00 | OK |
Version: 0.3.5
Check: R code for possible problems
Result: NOTE
Found the following calls to attach():
File ‘apollo/R/apollo_attach.R’:
attach(as.list(apollo_beta), warn.conflicts = FALSE)
attach(database, warn.conflicts = FALSE)
attach(draws, warn.conflicts = FALSE)
attach(randcoeff, warn.conflicts = FALSE)
attach(lcpars, warn.conflicts = FALSE)
See section ‘Good practice’ in ‘?attach’.
Flavors: r-devel-linux-x86_64-debian-clang, r-devel-linux-x86_64-debian-gcc, r-patched-linux-x86_64, r-release-linux-x86_64
These binaries (installable software) and packages are in development.
They may not be fully stable and should be used with caution. We make no claims about them.