Last updated on 2025-05-08 04:51:59 CEST.
Flavor | Version | Tinstall | Tcheck | Ttotal | Status | Flags |
---|---|---|---|---|---|---|
r-devel-linux-x86_64-debian-clang | 1.2 | 92.96 | 58.56 | 151.52 | OK | |
r-devel-linux-x86_64-debian-gcc | 1.2 | 69.11 | 45.25 | 114.36 | OK | |
r-devel-linux-x86_64-fedora-clang | 1.2 | 270.69 | OK | |||
r-devel-linux-x86_64-fedora-gcc | 1.2 | 311.08 | OK | |||
r-devel-windows-x86_64 | 1.2 | 102.00 | 116.00 | 218.00 | OK | |
r-patched-linux-x86_64 | 1.2 | 92.76 | 61.27 | 154.03 | OK | |
r-release-linux-x86_64 | 1.2 | 92.50 | 62.56 | 155.06 | OK | |
r-release-macos-arm64 | 1.2 | 89.00 | OK | |||
r-release-macos-x86_64 | 1.2 | 104.00 | OK | |||
r-release-windows-x86_64 | 1.2 | 104.00 | 120.00 | 224.00 | OK | |
r-oldrel-macos-arm64 | 1.2 | 77.00 | NOTE | |||
r-oldrel-macos-x86_64 | 1.2 | 181.00 | NOTE | |||
r-oldrel-windows-x86_64 | 1.2 | 117.00 | 139.00 | 256.00 | OK |
Version: 1.2
Check: installed package size
Result: NOTE
installed size is 22.1Mb
sub-directories of 1Mb or more:
libs 21.7Mb
Flavors: r-oldrel-macos-arm64, r-oldrel-macos-x86_64
These binaries (installable software) and packages are in development.
They may not be fully stable and should be used with caution. We make no claims about them.