CRAN Package Check Results for Package approxOT

Last updated on 2025-02-19 16:50:40 CET.

Flavor Version Tinstall Tcheck Ttotal Status Flags
r-devel-linux-x86_64-debian-clang 1.2 92.38 56.90 149.28 OK
r-devel-linux-x86_64-debian-gcc 1.2 69.07 45.08 114.15 OK
r-devel-linux-x86_64-fedora-clang 1.2 268.83 OK
r-devel-linux-x86_64-fedora-gcc 1.2 290.62 OK
r-devel-macos-arm64 1.2 68.00 OK
r-devel-macos-x86_64 1.2 113.00 OK
r-devel-windows-x86_64 1.2 92.00 116.00 208.00 OK
r-patched-linux-x86_64 1.2 95.05 61.06 156.11 OK
r-release-linux-x86_64 1.2 97.86 60.63 158.49 OK
r-release-macos-arm64 1.2 77.00 NOTE
r-release-macos-x86_64 1.2 181.00 NOTE
r-release-windows-x86_64 1.2 92.00 3.00 95.00 FAIL
r-oldrel-macos-arm64 1.2 83.00 NOTE
r-oldrel-macos-x86_64 1.2 125.00 NOTE
r-oldrel-windows-x86_64 1.2 111.00 133.00 244.00 OK

Additional issues

Strict

Check Details

Version: 1.2
Check: installed package size
Result: NOTE installed size is 22.1Mb sub-directories of 1Mb or more: libs 21.7Mb Flavors: r-release-macos-arm64, r-release-macos-x86_64, r-oldrel-macos-arm64, r-oldrel-macos-x86_64

Version: 1.2
Check: package dependencies
Result: FAIL
Flavor: r-release-windows-x86_64

These binaries (installable software) and packages are in development.
They may not be fully stable and should be used with caution. We make no claims about them.