Last updated on 2025-10-03 05:53:24 CEST.
Flavor | Version | Tinstall | Tcheck | Ttotal | Status | Flags |
---|---|---|---|---|---|---|
r-devel-linux-x86_64-debian-clang | 1.2 | 94.01 | 60.82 | 154.83 | OK | |
r-devel-linux-x86_64-debian-gcc | 1.2 | 66.17 | 46.51 | 112.68 | OK | |
r-devel-linux-x86_64-fedora-clang | 1.2 | 269.95 | OK | |||
r-devel-linux-x86_64-fedora-gcc | 1.2 | 286.21 | OK | |||
r-devel-windows-x86_64 | 1.2 | 106.00 | 114.00 | 220.00 | OK | |
r-patched-linux-x86_64 | 1.2 | 100.90 | 63.44 | 164.34 | OK | |
r-release-linux-x86_64 | 1.2 | 103.21 | 63.41 | 166.62 | OK | |
r-release-macos-arm64 | 1.2 | 89.00 | OK | |||
r-release-macos-x86_64 | 1.2 | 104.00 | OK | |||
r-release-windows-x86_64 | 1.2 | 102.00 | 118.00 | 220.00 | OK | |
r-oldrel-macos-arm64 | 1.2 | 77.00 | NOTE | |||
r-oldrel-macos-x86_64 | 1.2 | 181.00 | NOTE | |||
r-oldrel-windows-x86_64 | 1.2 | 122.00 | 139.00 | 261.00 | OK |
Version: 1.2
Check: installed package size
Result: NOTE
installed size is 22.1Mb
sub-directories of 1Mb or more:
libs 21.7Mb
Flavors: r-oldrel-macos-arm64, r-oldrel-macos-x86_64
These binaries (installable software) and packages are in development.
They may not be fully stable and should be used with caution. We make no claims about them.