CRAN Package Check Results for Package approxOT

Last updated on 2025-07-27 11:49:20 CEST.

Flavor Version Tinstall Tcheck Ttotal Status Flags
r-devel-linux-x86_64-debian-clang 1.2 87.78 60.28 148.06 OK
r-devel-linux-x86_64-debian-gcc 1.2 69.41 45.83 115.24 OK
r-devel-linux-x86_64-fedora-clang 1.2 268.14 OK
r-devel-linux-x86_64-fedora-gcc 1.2 280.04 OK
r-devel-windows-x86_64 1.2 101.00 128.00 229.00 OK
r-patched-linux-x86_64 1.2 93.11 61.44 154.55 OK
r-release-linux-x86_64 1.2 93.23 62.27 155.50 OK
r-release-macos-arm64 1.2 89.00 OK
r-release-macos-x86_64 1.2 104.00 OK
r-release-windows-x86_64 1.2 101.00 115.00 216.00 OK
r-oldrel-macos-arm64 1.2 77.00 NOTE
r-oldrel-macos-x86_64 1.2 181.00 NOTE
r-oldrel-windows-x86_64 1.2 114.00 136.00 250.00 OK

Additional issues

Strict

Check Details

Version: 1.2
Check: installed package size
Result: NOTE installed size is 22.1Mb sub-directories of 1Mb or more: libs 21.7Mb Flavors: r-oldrel-macos-arm64, r-oldrel-macos-x86_64

These binaries (installable software) and packages are in development.
They may not be fully stable and should be used with caution. We make no claims about them.