Last updated on 2025-05-01 17:55:57 CEST.
Flavor | Version | Tinstall | Tcheck | Ttotal | Status | Flags |
---|---|---|---|---|---|---|
r-devel-linux-x86_64-debian-clang | 1.2-8 | 2.15 | 31.11 | 33.26 | NOTE | |
r-devel-linux-x86_64-debian-gcc | 1.2-8 | 1.60 | 23.96 | 25.56 | NOTE | |
r-devel-linux-x86_64-fedora-clang | 1.2-8 | 51.48 | OK | |||
r-devel-linux-x86_64-fedora-gcc | 1.2-8 | 62.68 | OK | |||
r-devel-windows-x86_64 | 1.2-8 | 3.00 | 78.00 | 81.00 | OK | |
r-patched-linux-x86_64 | 1.2-8 | 2.67 | 29.64 | 32.31 | OK | |
r-release-linux-x86_64 | OK | |||||
r-release-macos-arm64 | 1.2-8 | 35.00 | OK | |||
r-release-macos-x86_64 | 1.2-8 | 52.00 | OK | |||
r-release-windows-x86_64 | 1.2-8 | 4.00 | 85.00 | 89.00 | OK | |
r-oldrel-macos-arm64 | 1.2-8 | 26.00 | OK | |||
r-oldrel-macos-x86_64 | 1.2-8 | 40.00 | OK | |||
r-oldrel-windows-x86_64 | 1.2-8 | 4.00 | 73.00 | 77.00 | OK |
Version: 1.2-8
Check: CRAN incoming feasibility
Result: NOTE
Maintainer: ‘Robin K. S. Hankin <hankin.robin@gmail.com>’
No Authors@R field in DESCRIPTION.
Please add one, modifying
Authors@R: person(given = c("Robin", "K.", "S."),
family = "Hankin",
role = c("aut", "cre"),
email = "hankin.robin@gmail.com")
as necessary.
Flavors: r-devel-linux-x86_64-debian-clang, r-devel-linux-x86_64-debian-gcc
These binaries (installable software) and packages are in development.
They may not be fully stable and should be used with caution. We make no claims about them.