Last updated on 2025-05-01 12:49:22 CEST.
Flavor | Version | Tinstall | Tcheck | Ttotal | Status | Flags |
---|---|---|---|---|---|---|
r-devel-linux-x86_64-debian-clang | 2.8.235 | 25.26 | 212.37 | 237.63 | OK | |
r-devel-linux-x86_64-debian-gcc | 2.8.235 | 16.06 | 144.11 | 160.17 | OK | |
r-devel-linux-x86_64-fedora-clang | 2.8.235 | 378.41 | OK | |||
r-devel-linux-x86_64-fedora-gcc | 2.8.235 | 374.47 | OK | |||
r-devel-windows-x86_64 | 2.8.235 | 25.00 | 228.00 | 253.00 | OK | |
r-patched-linux-x86_64 | 2.8.235 | 25.24 | 201.44 | 226.68 | OK | |
r-release-linux-x86_64 | OK | |||||
r-release-macos-arm64 | 2.8.235 | 145.00 | OK | |||
r-release-macos-x86_64 | 2.8.235 | 241.00 | OK | |||
r-release-windows-x86_64 | 2.8.235 | 27.00 | 238.00 | 265.00 | OK | |
r-oldrel-macos-arm64 | 2.8.235 | 110.00 | NOTE | |||
r-oldrel-macos-x86_64 | 2.8.235 | 266.00 | NOTE | |||
r-oldrel-windows-x86_64 | 2.8.235 | 32.00 | 296.00 | 328.00 | NOTE |
Version: 2.8.235
Check: installed package size
Result: NOTE
installed size is 7.0Mb
sub-directories of 1Mb or more:
extdata 5.3Mb
Flavors: r-oldrel-macos-arm64, r-oldrel-macos-x86_64, r-oldrel-windows-x86_64
These binaries (installable software) and packages are in development.
They may not be fully stable and should be used with caution. We make no claims about them.