Last updated on 2025-05-08 04:51:59 CEST.
Flavor | Version | Tinstall | Tcheck | Ttotal | Status | Flags |
---|---|---|---|---|---|---|
r-devel-linux-x86_64-debian-clang | 2.2 | 27.86 | 439.60 | 467.46 | OK | |
r-devel-linux-x86_64-debian-gcc | 2.2 | 16.38 | 269.34 | 285.72 | OK | |
r-devel-linux-x86_64-fedora-clang | 2.2 | 653.13 | OK | |||
r-devel-linux-x86_64-fedora-gcc | 2.2 | 601.25 | OK | |||
r-devel-windows-x86_64 | 2.2 | 29.00 | 368.00 | 397.00 | OK | |
r-patched-linux-x86_64 | 2.2 | 29.62 | 348.37 | 377.99 | OK | |
r-release-linux-x86_64 | 2.2 | 22.42 | 347.80 | 370.22 | OK | |
r-release-macos-arm64 | 2.2 | 205.00 | OK | |||
r-release-macos-x86_64 | 2.2 | 369.00 | OK | |||
r-release-windows-x86_64 | 2.2 | 29.00 | 369.00 | 398.00 | OK | |
r-oldrel-macos-arm64 | 2.2 | 159.00 | NOTE | |||
r-oldrel-macos-x86_64 | 2.2 | 338.00 | NOTE | |||
r-oldrel-windows-x86_64 | 2.2 | 37.00 | 460.00 | 497.00 | NOTE |
Version: 2.2
Check: installed package size
Result: NOTE
installed size is 6.0Mb
sub-directories of 1Mb or more:
R 2.1Mb
data 2.1Mb
Flavors: r-oldrel-macos-arm64, r-oldrel-macos-x86_64, r-oldrel-windows-x86_64
These binaries (installable software) and packages are in development.
They may not be fully stable and should be used with caution. We make no claims about them.