CRAN Package Check Results for Package ar.matrix

Last updated on 2025-11-16 03:49:48 CET.

Flavor Version Tinstall Tcheck Ttotal Status Flags
r-devel-linux-x86_64-debian-clang 0.1.0 2.01 30.02 32.03 OK
r-devel-linux-x86_64-debian-gcc 0.1.0 1.54 24.40 25.94 OK
r-devel-linux-x86_64-fedora-clang 0.1.0 47.96 NOTE
r-devel-linux-x86_64-fedora-gcc 0.1.0 46.81 NOTE
r-devel-windows-x86_64 0.1.0 4.00 48.00 52.00 OK
r-patched-linux-x86_64 0.1.0 2.16 28.79 30.95 OK
r-release-linux-x86_64 0.1.0 2.11 29.25 31.36 OK
r-release-macos-arm64 0.1.0 1.00 19.00 20.00 OK
r-release-macos-x86_64 0.1.0 2.00 29.00 31.00 OK
r-release-windows-x86_64 0.1.0 4.00 47.00 51.00 OK
r-oldrel-macos-arm64 0.1.0 1.00 18.00 19.00 OK
r-oldrel-macos-x86_64 0.1.0 2.00 27.00 29.00 OK
r-oldrel-windows-x86_64 0.1.0 5.00 60.00 65.00 OK

Check Details

Version: 0.1.0
Check: dependencies in R code
Result: NOTE Namespace in Imports field not imported from: ‘sp’ All declared Imports should be used. Flavors: r-devel-linux-x86_64-fedora-clang, r-devel-linux-x86_64-fedora-gcc

These binaries (installable software) and packages are in development.
They may not be fully stable and should be used with caution. We make no claims about them.