CRAN Package Check Results for Package arabicStemR

Last updated on 2025-10-09 23:51:07 CEST.

Flavor Version Tinstall Tcheck Ttotal Status Flags
r-devel-linux-x86_64-debian-clang 1.3 2.46 22.55 25.01 NOTE
r-devel-linux-x86_64-debian-gcc 1.3 1.75 17.41 19.16 NOTE
r-devel-linux-x86_64-fedora-clang 1.3 36.43 OK
r-devel-linux-x86_64-fedora-gcc 1.3 34.79 OK
r-devel-windows-x86_64 1.3 5.00 42.00 47.00 OK
r-patched-linux-x86_64 1.3 2.27 21.14 23.41 OK
r-release-linux-x86_64 1.3 2.10 21.10 23.20 OK
r-release-macos-arm64 1.3 16.00 OK
r-release-macos-x86_64 1.3 25.00 OK
r-release-windows-x86_64 1.3 4.00 44.00 48.00 OK
r-oldrel-macos-arm64 1.3 22.00 OK
r-oldrel-macos-x86_64 1.3 26.00 OK
r-oldrel-windows-x86_64 1.3 4.00 40.00 44.00 OK

Check Details

Version: 1.3
Check: CRAN incoming feasibility
Result: NOTE Maintainer: ‘Rich Nielsen <rnielsen@mit.edu>’ No Authors@R field in DESCRIPTION. Please add one, modifying Authors@R: person(given = "Rich", family = "Nielsen", role = c("aut", "cre"), email = "rnielsen@mit.edu") as necessary. Flavors: r-devel-linux-x86_64-debian-clang, r-devel-linux-x86_64-debian-gcc

These binaries (installable software) and packages are in development.
They may not be fully stable and should be used with caution. We make no claims about them.