Last updated on 2025-02-16 10:50:41 CET.
Flavor | Version | Tinstall | Tcheck | Ttotal | Status | Flags |
---|---|---|---|---|---|---|
r-devel-linux-x86_64-debian-clang | 1.4 | 8.91 | 75.63 | 84.54 | NOTE | |
r-devel-linux-x86_64-debian-gcc | 1.4 | 6.22 | 57.17 | 63.39 | NOTE | |
r-devel-linux-x86_64-fedora-clang | 1.4 | 137.70 | OK | |||
r-devel-linux-x86_64-fedora-gcc | 1.4 | 128.24 | OK | |||
r-devel-macos-arm64 | 1.4 | 38.00 | OK | |||
r-devel-macos-x86_64 | 1.4 | 71.00 | OK | |||
r-devel-windows-x86_64 | 1.4 | 9.00 | 88.00 | 97.00 | NOTE | |
r-patched-linux-x86_64 | 1.4 | 10.71 | 70.40 | 81.11 | OK | |
r-release-linux-x86_64 | 1.4 | 7.37 | 70.39 | 77.76 | OK | |
r-release-macos-arm64 | 1.4 | 39.00 | OK | |||
r-release-macos-x86_64 | 1.4 | 63.00 | OK | |||
r-release-windows-x86_64 | 1.4 | 9.00 | 93.00 | 102.00 | OK | |
r-oldrel-macos-arm64 | 1.4 | 45.00 | OK | |||
r-oldrel-macos-x86_64 | 1.4 | 82.00 | OK | |||
r-oldrel-windows-x86_64 | 1.4 | 9.00 | 98.00 | 107.00 | OK |
Version: 1.4
Check: Rd cross-references
Result: NOTE
Found the following Rd file(s) with Rd \link{} targets missing package
anchors:
prune.Rd: rules
Please provide package anchors for all Rd \link{} targets not in the
package itself and the base packages.
Flavors: r-devel-linux-x86_64-debian-clang, r-devel-linux-x86_64-debian-gcc, r-devel-windows-x86_64
These binaries (installable software) and packages are in development.
They may not be fully stable and should be used with caution. We make no claims about them.