Last updated on 2025-02-16 10:50:41 CET.
Flavor | Version | Tinstall | Tcheck | Ttotal | Status | Flags |
---|---|---|---|---|---|---|
r-devel-linux-x86_64-debian-clang | 0.2.2 | 160.52 | 28.17 | 188.69 | OK | |
r-devel-linux-x86_64-debian-gcc | 0.2.2 | 125.27 | 22.01 | 147.28 | OK | |
r-devel-linux-x86_64-fedora-clang | 0.2.2 | 229.22 | OK | |||
r-devel-linux-x86_64-fedora-gcc | 0.2.2 | 223.05 | OK | |||
r-devel-macos-arm64 | 0.2.2 | 101.00 | OK | |||
r-devel-macos-x86_64 | 0.2.2 | 209.00 | OK | |||
r-devel-windows-x86_64 | 0.2.2 | 212.00 | 60.00 | 272.00 | OK | |
r-patched-linux-x86_64 | 0.2.2 | 164.39 | 26.61 | 191.00 | OK | |
r-release-linux-x86_64 | 0.2.2 | 161.49 | 26.79 | 188.28 | OK | |
r-release-macos-arm64 | 0.2.2 | 77.00 | OK | |||
r-release-macos-x86_64 | 0.2.2 | 118.00 | OK | |||
r-release-windows-x86_64 | 0.2.2 | 206.00 | 63.00 | 269.00 | OK | |
r-oldrel-macos-arm64 | 0.2.2 | 81.00 | NOTE | |||
r-oldrel-macos-x86_64 | 0.2.2 | 162.00 | NOTE | |||
r-oldrel-windows-x86_64 | 0.2.2 | 268.00 | 73.00 | 341.00 | NOTE |
Version: 0.2.2
Check: R code for possible problems
Result: NOTE
sort_asap: no visible global function definition for ‘sort_by’
Undefined global functions or variables:
sort_by
Flavors: r-oldrel-macos-arm64, r-oldrel-macos-x86_64, r-oldrel-windows-x86_64
These binaries (installable software) and packages are in development.
They may not be fully stable and should be used with caution. We make no claims about them.