Last updated on 2024-07-27 15:50:11 CEST.
Flavor | Version | Tinstall | Tcheck | Ttotal | Status | Flags |
---|---|---|---|---|---|---|
r-devel-linux-x86_64-debian-clang | 0.3.0 | 5.57 | 53.30 | 58.87 | OK | |
r-devel-linux-x86_64-debian-gcc | 0.3.0 | OK | ||||
r-devel-linux-x86_64-fedora-clang | 0.3.0 | 2.37 | ERROR | |||
r-devel-linux-x86_64-fedora-gcc | 0.3.0 | 2.26 | ERROR | |||
r-devel-windows-x86_64 | 0.3.0 | 6.00 | 60.00 | 66.00 | OK | |
r-patched-linux-x86_64 | 0.3.0 | OK | ||||
r-release-linux-x86_64 | 0.3.0 | 3.42 | 49.68 | 53.10 | OK | |
r-release-macos-arm64 | 0.3.0 | 31.00 | OK | |||
r-release-macos-x86_64 | 0.3.0 | 69.00 | OK | |||
r-release-windows-x86_64 | 0.3.0 | 6.00 | 60.00 | 66.00 | OK | |
r-oldrel-macos-arm64 | 0.3.0 | 35.00 | OK | |||
r-oldrel-macos-x86_64 | 0.3.0 | 11.00 | ERROR | |||
r-oldrel-windows-x86_64 | 0.3.0 | 7.00 | 67.00 | 74.00 | OK |
Version: 0.3.0
Check: package dependencies
Result: ERROR
Package required but not available: ‘arcpbf’
See section ‘The DESCRIPTION file’ in the ‘Writing R Extensions’
manual.
Flavors: r-devel-linux-x86_64-fedora-clang, r-devel-linux-x86_64-fedora-gcc
Version: 0.3.0
Check: package dependencies
Result: ERROR
Package required and available but unsuitable version: ‘arcpbf’
See section ‘The DESCRIPTION file’ in the ‘Writing R Extensions’
manual.
Flavor: r-oldrel-macos-x86_64
These binaries (installable software) and packages are in development.
They may not be fully stable and should be used with caution. We make no claims about them.