Last updated on 2025-02-16 10:50:41 CET.
Flavor | Version | Tinstall | Tcheck | Ttotal | Status | Flags |
---|---|---|---|---|---|---|
r-devel-linux-x86_64-debian-clang | 0.3.1 | 110.51 | 32.51 | 143.02 | OK | |
r-devel-linux-x86_64-debian-gcc | 0.3.1 | 88.82 | 23.82 | 112.64 | OK | |
r-devel-linux-x86_64-fedora-clang | 0.3.1 | 182.77 | OK | |||
r-devel-linux-x86_64-fedora-gcc | 0.3.1 | 177.41 | OK | |||
r-devel-macos-arm64 | 0.3.1 | 68.00 | OK | |||
r-devel-macos-x86_64 | 0.3.1 | 123.00 | OK | |||
r-devel-windows-x86_64 | 0.3.1 | 115.00 | 67.00 | 182.00 | OK | |
r-patched-linux-x86_64 | 0.3.1 | 110.23 | 30.60 | 140.83 | NOTE | |
r-release-linux-x86_64 | 0.3.1 | 110.91 | 30.58 | 141.49 | NOTE | |
r-release-macos-arm64 | 0.3.1 | 70.00 | NOTE | |||
r-release-macos-x86_64 | 0.3.1 | 111.00 | NOTE | |||
r-release-windows-x86_64 | 0.3.1 | 111.00 | 66.00 | 177.00 | NOTE | |
r-oldrel-macos-arm64 | 0.3.1 | 73.00 | NOTE | |||
r-oldrel-macos-x86_64 | 0.3.1 | 116.00 | NOTE | |||
r-oldrel-windows-x86_64 | 0.3.1 | 143.00 | 95.00 | 238.00 | NOTE |
Version: 0.3.1
Check: package dependencies
Result: NOTE
Package suggested but not available for checking: ‘arcgisbinding’
Flavors: r-patched-linux-x86_64, r-release-linux-x86_64, r-release-macos-arm64, r-release-macos-x86_64, r-release-windows-x86_64, r-oldrel-macos-arm64, r-oldrel-macos-x86_64, r-oldrel-windows-x86_64
These binaries (installable software) and packages are in development.
They may not be fully stable and should be used with caution. We make no claims about them.