Last updated on 2024-07-27 15:50:11 CEST.
Flavor | Version | Tinstall | Tcheck | Ttotal | Status | Flags |
---|---|---|---|---|---|---|
r-devel-linux-x86_64-debian-clang | 1.2-1 | 1.89 | 38.54 | 40.43 | OK | |
r-devel-linux-x86_64-debian-gcc | 1.2-1 | OK | ||||
r-devel-linux-x86_64-fedora-clang | 1.2-1 | 52.10 | NOTE | |||
r-devel-linux-x86_64-fedora-gcc | 1.2-1 | 50.86 | NOTE | |||
r-devel-windows-x86_64 | 1.2-1 | 2.00 | 67.00 | 69.00 | OK | |
r-patched-linux-x86_64 | 1.2-1 | OK | ||||
r-release-linux-x86_64 | 1.2-1 | 1.91 | 37.19 | 39.10 | OK | |
r-release-macos-arm64 | 1.2-1 | 22.00 | OK | |||
r-release-macos-x86_64 | 1.2-1 | 34.00 | OK | |||
r-release-windows-x86_64 | 1.2-1 | 3.00 | 68.00 | 71.00 | OK | |
r-oldrel-macos-arm64 | 1.2-1 | 23.00 | OK | |||
r-oldrel-macos-x86_64 | 1.2-1 | 33.00 | OK | |||
r-oldrel-windows-x86_64 | 1.2-1 | 4.00 | 71.00 | 75.00 | OK |
Version: 1.2-1
Check: data for non-ASCII characters
Result: NOTE
Note: found 76 marked Latin-1 strings
Flavors: r-devel-linux-x86_64-fedora-clang, r-devel-linux-x86_64-fedora-gcc
These binaries (installable software) and packages are in development.
They may not be fully stable and should be used with caution. We make no claims about them.