Last updated on 2025-05-08 04:51:59 CEST.
Flavor | Version | Tinstall | Tcheck | Ttotal | Status | Flags |
---|---|---|---|---|---|---|
r-devel-linux-x86_64-debian-clang | 1.4.0 | 15.26 | 114.70 | 129.96 | NOTE | |
r-devel-linux-x86_64-debian-gcc | 1.4.0 | 9.70 | 85.13 | 94.83 | NOTE | |
r-devel-linux-x86_64-fedora-clang | 1.4.0 | 214.39 | NOTE | |||
r-devel-linux-x86_64-fedora-gcc | 1.4.0 | 215.50 | NOTE | |||
r-devel-windows-x86_64 | 1.4.0 | 15.00 | 116.00 | 131.00 | NOTE | |
r-patched-linux-x86_64 | 1.4.0 | 13.62 | 108.72 | 122.34 | NOTE | |
r-release-linux-x86_64 | 1.4.0 | 14.50 | 111.37 | 125.87 | NOTE | |
r-release-macos-arm64 | 1.4.0 | 62.00 | OK | |||
r-release-macos-x86_64 | 1.4.0 | 114.00 | OK | |||
r-release-windows-x86_64 | 1.4.0 | 18.00 | 112.00 | 130.00 | OK | |
r-oldrel-macos-arm64 | 1.4.0 | 65.00 | OK | |||
r-oldrel-macos-x86_64 | 1.4.0 | 120.00 | OK | |||
r-oldrel-windows-x86_64 | 1.4.0 | 21.00 | 141.00 | 162.00 | OK |
Version: 1.4.0
Check: Rd cross-references
Result: NOTE
Unknown package ‘cxhull’ in Rd xrefs
Flavors: r-devel-linux-x86_64-debian-clang, r-devel-linux-x86_64-debian-gcc, r-devel-linux-x86_64-fedora-gcc, r-devel-windows-x86_64, r-patched-linux-x86_64, r-release-linux-x86_64
Version: 1.4.0
Check: Rd cross-references
Result: NOTE
Undeclared package ‘cxhull’ in Rd xrefs
Unknown package ‘cxhull’ in Rd xrefs
Flavor: r-devel-linux-x86_64-fedora-clang
These binaries (installable software) and packages are in development.
They may not be fully stable and should be used with caution. We make no claims about them.