Last updated on 2025-02-16 10:50:41 CET.
Flavor | Version | Tinstall | Tcheck | Ttotal | Status | Flags |
---|---|---|---|---|---|---|
r-devel-linux-x86_64-debian-clang | 2.2-0.1 | 3.98 | 124.25 | 128.23 | NOTE | |
r-devel-linux-x86_64-debian-gcc | 2.2-0.1 | 2.90 | 75.09 | 77.99 | NOTE | |
r-devel-linux-x86_64-fedora-clang | 2.2-0.1 | 210.47 | OK | |||
r-devel-linux-x86_64-fedora-gcc | 2.2-0.1 | 210.27 | OK | |||
r-devel-macos-arm64 | 2.2-0.1 | 57.00 | OK | |||
r-devel-macos-x86_64 | 2.2-0.1 | 117.00 | OK | |||
r-devel-windows-x86_64 | 2.2-0.1 | 6.00 | 144.00 | 150.00 | NOTE | |
r-patched-linux-x86_64 | 2.2-0.1 | 6.27 | 112.37 | 118.64 | OK | |
r-release-linux-x86_64 | 2.2-0.1 | 3.40 | 114.53 | 117.93 | OK | |
r-release-macos-arm64 | 2.2-0.1 | 56.00 | OK | |||
r-release-macos-x86_64 | 2.2-0.1 | 94.00 | OK | |||
r-release-windows-x86_64 | 2.2-0.1 | 6.00 | 141.00 | 147.00 | OK | |
r-oldrel-macos-arm64 | 2.2-0.1 | 85.00 | OK | |||
r-oldrel-macos-x86_64 | 2.2-0.1 | 143.00 | OK | |||
r-oldrel-windows-x86_64 | 2.2-0.1 | 6.00 | 169.00 | 175.00 | OK |
Version: 2.2-0.1
Check: Rd cross-references
Result: NOTE
Found the following Rd file(s) with Rd \link{} targets missing package
anchors:
as.archetypes.Rd: parameters
Please provide package anchors for all Rd \link{} targets not in the
package itself and the base packages.
Flavors: r-devel-linux-x86_64-debian-clang, r-devel-linux-x86_64-debian-gcc, r-devel-windows-x86_64
Version: 2.2-0.1
Check: for unstated dependencies in ‘demo’
Result: NOTE
'library' or 'require' call not declared from: ‘mvtnorm’
Flavors: r-devel-linux-x86_64-debian-clang, r-devel-linux-x86_64-debian-gcc
These binaries (installable software) and packages are in development.
They may not be fully stable and should be used with caution. We make no claims about them.