Last updated on 2025-02-19 16:50:40 CET.
Flavor | Version | Tinstall | Tcheck | Ttotal | Status | Flags |
---|---|---|---|---|---|---|
r-devel-linux-x86_64-debian-clang | 3.4 | 23.34 | 99.83 | 123.17 | OK | |
r-devel-linux-x86_64-debian-gcc | 3.4 | 14.04 | 62.28 | 76.32 | OK | |
r-devel-linux-x86_64-fedora-clang | 3.4 | 201.16 | OK | |||
r-devel-linux-x86_64-fedora-gcc | 3.4 | 194.25 | OK | |||
r-devel-macos-arm64 | 3.4 | 47.00 | OK | |||
r-devel-macos-x86_64 | 3.4 | 90.00 | OK | |||
r-devel-windows-x86_64 | 3.4 | 21.00 | 96.00 | 117.00 | OK | |
r-patched-linux-x86_64 | 3.4 | 20.78 | 92.82 | 113.60 | OK | |
r-release-linux-x86_64 | 3.4 | 20.04 | 93.19 | 113.23 | OK | |
r-release-macos-arm64 | 3.4 | 46.00 | OK | |||
r-release-macos-x86_64 | 3.4 | 72.00 | OK | |||
r-release-windows-x86_64 | 3.4 | 20.00 | 3.00 | 23.00 | FAIL | |
r-oldrel-macos-arm64 | 3.4 | 47.00 | OK | |||
r-oldrel-macos-x86_64 | 3.4 | 84.00 | OK | |||
r-oldrel-windows-x86_64 | 3.4 | 29.00 | 110.00 | 139.00 | OK |
Version: 3.4
Check: package dependencies
Result: FAIL
Flavor: r-release-windows-x86_64
These binaries (installable software) and packages are in development.
They may not be fully stable and should be used with caution. We make no claims about them.