Last updated on 2025-05-21 23:48:37 CEST.
Flavor | Version | Tinstall | Tcheck | Ttotal | Status | Flags |
---|---|---|---|---|---|---|
r-devel-linux-x86_64-debian-clang | 1.1.12 | 25.05 | 40.15 | 65.20 | OK | |
r-devel-linux-x86_64-debian-gcc | 1.1.12 | 16.41 | 29.92 | 46.33 | OK | |
r-devel-linux-x86_64-fedora-clang | 1.1.12 | 116.70 | OK | |||
r-devel-linux-x86_64-fedora-gcc | 1.1.12 | 110.81 | OK | |||
r-devel-windows-x86_64 | 1.1.12 | 64.00 | 92.00 | 156.00 | OK | |
r-patched-linux-x86_64 | 1.1.12 | 22.76 | 36.52 | 59.28 | OK | |
r-release-linux-x86_64 | 1.1.12 | 22.40 | 36.67 | 59.07 | OK | |
r-release-macos-arm64 | 1.1.12 | 40.00 | OK | |||
r-release-macos-x86_64 | 1.1.12 | 53.00 | OK | |||
r-release-windows-x86_64 | 1.1.12 | 63.00 | 92.00 | 155.00 | OK | |
r-oldrel-macos-arm64 | 1.1.12 | 38.00 | NOTE | |||
r-oldrel-macos-x86_64 | 1.1.12 | 58.00 | NOTE | |||
r-oldrel-windows-x86_64 | 1.1.12 | 68.00 | 98.00 | 166.00 | OK |
Version: 1.1.12
Check: installed package size
Result: NOTE
installed size is 6.3Mb
sub-directories of 1Mb or more:
libs 6.1Mb
Flavors: r-oldrel-macos-arm64, r-oldrel-macos-x86_64
These binaries (installable software) and packages are in development.
They may not be fully stable and should be used with caution. We make no claims about them.