Last updated on 2025-10-24 11:50:41 CEST.
| Flavor | Version | Tinstall | Tcheck | Ttotal | Status | Flags |
|---|---|---|---|---|---|---|
| r-devel-linux-x86_64-debian-clang | 0.3.0 | 27.89 | 289.26 | 317.15 | NOTE | |
| r-devel-linux-x86_64-debian-gcc | 0.3.0 | 15.56 | 184.97 | 200.53 | NOTE | |
| r-devel-linux-x86_64-fedora-clang | 0.3.0 | 114.00 | 391.25 | 505.25 | NOTE | |
| r-devel-linux-x86_64-fedora-gcc | 0.3.0 | 126.00 | 405.93 | 531.93 | NOTE | |
| r-devel-windows-x86_64 | 0.3.0 | 23.00 | 232.00 | 255.00 | OK | |
| r-patched-linux-x86_64 | 0.3.0 | 22.06 | 273.21 | 295.27 | OK | |
| r-release-linux-x86_64 | 0.3.0 | 23.00 | 277.05 | 300.05 | OK | |
| r-release-macos-arm64 | 0.3.0 | 9.00 | 109.00 | 118.00 | OK | |
| r-release-macos-x86_64 | 0.3.0 | 17.00 | 245.00 | 262.00 | OK | |
| r-release-windows-x86_64 | 0.3.0 | 26.00 | 239.00 | 265.00 | OK | |
| r-oldrel-macos-arm64 | 0.3.0 | 10.00 | 120.00 | 130.00 | OK | |
| r-oldrel-macos-x86_64 | 0.3.0 | 30.00 | 344.00 | 374.00 | OK | |
| r-oldrel-windows-x86_64 | 0.3.0 | 32.00 | 356.00 | 388.00 | OK |
Version: 0.3.0
Check: Rd files
Result: NOTE
checkRd: (-1) arcpullr-package.Rd:12: height/width attributes should be in pixels
Flavors: r-devel-linux-x86_64-debian-clang, r-devel-linux-x86_64-debian-gcc, r-devel-linux-x86_64-fedora-clang, r-devel-linux-x86_64-fedora-gcc
Version: 0.3.0
Check: dependencies in R code
Result: NOTE
Namespace in Imports field not imported from: ‘methods’
All declared Imports should be used.
Flavors: r-devel-linux-x86_64-fedora-clang, r-devel-linux-x86_64-fedora-gcc
These binaries (installable software) and packages are in development.
They may not be fully stable and should be used with caution. We make no claims about them.