Last updated on 2025-02-19 16:50:40 CET.
Flavor | Version | Tinstall | Tcheck | Ttotal | Status | Flags |
---|---|---|---|---|---|---|
r-devel-linux-x86_64-debian-clang | 1.0.0 | 1.64 | 19.48 | 21.12 | OK | |
r-devel-linux-x86_64-debian-gcc | 1.0.0 | 1.31 | 15.72 | 17.03 | OK | |
r-devel-linux-x86_64-fedora-clang | 1.0.0 | 33.72 | OK | |||
r-devel-linux-x86_64-fedora-gcc | 1.0.0 | 32.13 | OK | |||
r-devel-macos-arm64 | 1.0.0 | 16.00 | OK | |||
r-devel-macos-x86_64 | 1.0.0 | 24.00 | OK | |||
r-devel-windows-x86_64 | 1.0.0 | 2.00 | 48.00 | 50.00 | OK | |
r-patched-linux-x86_64 | 1.0.0 | 1.48 | 18.25 | 19.73 | NOTE | |
r-release-linux-x86_64 | 1.0.0 | 1.56 | 18.62 | 20.18 | NOTE | |
r-release-macos-arm64 | 1.0.0 | 16.00 | NOTE | |||
r-release-macos-x86_64 | 1.0.0 | 23.00 | NOTE | |||
r-release-windows-x86_64 | 1.0.0 | 2.00 | 3.00 | 5.00 | FAIL | |
r-oldrel-macos-arm64 | 1.0.0 | 18.00 | NOTE | |||
r-oldrel-macos-x86_64 | 1.0.0 | 21.00 | NOTE | |||
r-oldrel-windows-x86_64 | 1.0.0 | 3.00 | 45.00 | 48.00 | NOTE |
Version: 1.0.0
Check: LazyData
Result: NOTE
'LazyData' is specified without a 'data' directory
Flavors: r-patched-linux-x86_64, r-release-linux-x86_64, r-release-macos-arm64, r-release-macos-x86_64, r-oldrel-macos-arm64, r-oldrel-macos-x86_64, r-oldrel-windows-x86_64
Version: 1.0.0
Check: package dependencies
Result: FAIL
Flavor: r-release-windows-x86_64
These binaries (installable software) and packages are in development.
They may not be fully stable and should be used with caution. We make no claims about them.