Last updated on 2025-02-16 10:50:41 CET.
Flavor | Version | Tinstall | Tcheck | Ttotal | Status | Flags |
---|---|---|---|---|---|---|
r-devel-linux-x86_64-debian-clang | 0.9.4 | 14.26 | 187.93 | 202.19 | NOTE | |
r-devel-linux-x86_64-debian-gcc | 0.9.4 | 10.33 | 134.55 | 144.88 | NOTE | |
r-devel-linux-x86_64-fedora-clang | 0.9.4 | 328.70 | NOTE | |||
r-devel-linux-x86_64-fedora-gcc | 0.9.4 | 297.16 | NOTE | |||
r-devel-macos-arm64 | 0.9.4 | 89.00 | OK | |||
r-devel-macos-x86_64 | 0.9.4 | 176.00 | NOTE | |||
r-devel-windows-x86_64 | 0.9.4 | 17.00 | 171.00 | 188.00 | NOTE | |
r-patched-linux-x86_64 | 0.9.4 | 13.33 | 171.13 | 184.46 | OK | |
r-release-linux-x86_64 | 0.9.4 | 12.02 | 173.21 | 185.23 | OK | |
r-release-macos-arm64 | 0.9.4 | 100.00 | OK | |||
r-release-macos-x86_64 | 0.9.4 | 187.00 | OK | |||
r-release-windows-x86_64 | 0.9.4 | 14.00 | 166.00 | 180.00 | OK | |
r-oldrel-macos-arm64 | 0.6.3 | 60.00 | OK | |||
r-oldrel-macos-x86_64 | 0.9.4 | 174.00 | OK | |||
r-oldrel-windows-x86_64 | 0.9.4 | 20.00 | 212.00 | 232.00 | OK |
Version: 0.9.4
Check: DESCRIPTION meta-information
Result: NOTE
Missing dependency on R >= 4.1.0 because package code uses the pipe
|> or function shorthand \(...) syntax added in R 4.1.0.
File(s) using such syntax:
‘adb_archive.R’ ‘adb_backup.R’ ‘adb_querry.R’ ‘helpers.R’
‘normGeometry.R’
Flavors: r-devel-linux-x86_64-debian-clang, r-devel-linux-x86_64-debian-gcc, r-devel-linux-x86_64-fedora-clang, r-devel-linux-x86_64-fedora-gcc, r-devel-macos-x86_64, r-devel-windows-x86_64
These binaries (installable software) and packages are in development.
They may not be fully stable and should be used with caution. We make no claims about them.