CRAN Package Check Results for Package arealDB

Last updated on 2025-05-08 04:51:59 CEST.

Flavor Version Tinstall Tcheck Ttotal Status Flags
r-devel-linux-x86_64-debian-clang 0.9.4 14.83 183.10 197.93 NOTE
r-devel-linux-x86_64-debian-gcc 0.9.4 9.53 133.02 142.55 NOTE
r-devel-linux-x86_64-fedora-clang 0.9.4 324.10 NOTE
r-devel-linux-x86_64-fedora-gcc 0.9.4 307.34 NOTE
r-devel-windows-x86_64 0.9.4 15.00 171.00 186.00 NOTE
r-patched-linux-x86_64 0.9.4 14.14 174.84 188.98 NOTE
r-release-linux-x86_64 0.9.4 11.90 177.23 189.13 NOTE
r-release-macos-arm64 0.9.4 84.00 NOTE
r-release-macos-x86_64 0.9.4 176.00 NOTE
r-release-windows-x86_64 0.9.4 15.00 173.00 188.00 NOTE
r-oldrel-macos-arm64 0.9.4 100.00 OK
r-oldrel-macos-x86_64 0.9.4 187.00 OK
r-oldrel-windows-x86_64 0.9.4 20.00 231.00 251.00 OK

Check Details

Version: 0.9.4
Check: DESCRIPTION meta-information
Result: NOTE Missing dependency on R >= 4.1.0 because package code uses the pipe |> or function shorthand \(...) syntax added in R 4.1.0. File(s) using such syntax: ‘adb_archive.R’ ‘adb_backup.R’ ‘adb_querry.R’ ‘helpers.R’ ‘normGeometry.R’ Flavors: r-devel-linux-x86_64-debian-clang, r-devel-linux-x86_64-debian-gcc, r-devel-linux-x86_64-fedora-clang, r-devel-linux-x86_64-fedora-gcc, r-devel-windows-x86_64, r-patched-linux-x86_64, r-release-linux-x86_64, r-release-macos-arm64, r-release-macos-x86_64, r-release-windows-x86_64

These binaries (installable software) and packages are in development.
They may not be fully stable and should be used with caution. We make no claims about them.