CRAN Package Check Results for Package arena2r

Last updated on 2025-02-16 10:50:41 CET.

Flavor Version Tinstall Tcheck Ttotal Status Flags
r-devel-linux-x86_64-debian-clang 1.0.0 2.69 34.74 37.43 OK
r-devel-linux-x86_64-debian-gcc 1.0.0 2.09 27.19 29.28 OK
r-devel-linux-x86_64-fedora-clang 1.0.0 63.05 NOTE
r-devel-linux-x86_64-fedora-gcc 1.0.0 73.06 NOTE
r-devel-macos-arm64 1.0.0 27.00 OK
r-devel-macos-x86_64 1.0.0 51.00 OK
r-devel-windows-x86_64 1.0.0 6.00 54.00 60.00 OK
r-patched-linux-x86_64 1.0.0 2.65 33.39 36.04 OK
r-release-linux-x86_64 1.0.0 2.64 33.14 35.78 OK
r-release-macos-arm64 1.0.0 28.00 OK
r-release-macos-x86_64 1.0.0 44.00 OK
r-release-windows-x86_64 1.0.0 6.00 56.00 62.00 OK
r-oldrel-macos-arm64 1.0.0 29.00 OK
r-oldrel-macos-x86_64 1.0.0 41.00 OK
r-oldrel-windows-x86_64 1.0.0 7.00 73.00 80.00 OK

Check Details

Version: 1.0.0
Check: dependencies in R code
Result: NOTE Namespaces in Imports field not imported from: ‘purrr’ ‘shinyBS’ ‘shinydashboard’ ‘shinyjs’ All declared Imports should be used. Flavors: r-devel-linux-x86_64-fedora-clang, r-devel-linux-x86_64-fedora-gcc

These binaries (installable software) and packages are in development.
They may not be fully stable and should be used with caution. We make no claims about them.