Last updated on 2025-10-23 11:50:06 CEST.
Flavor | Version | Tinstall | Tcheck | Ttotal | Status | Flags |
---|---|---|---|---|---|---|
r-devel-linux-x86_64-debian-clang | 0.2.4 | 10.05 | 326.38 | 336.43 | NOTE | |
r-devel-linux-x86_64-debian-gcc | 0.2.4 | 8.07 | 242.39 | 250.46 | OK | |
r-devel-linux-x86_64-fedora-clang | 0.2.4 | 22.00 | 360.99 | 382.99 | OK | |
r-devel-linux-x86_64-fedora-gcc | 0.2.4 | 21.00 | 364.50 | 385.50 | OK | |
r-devel-windows-x86_64 | 0.2.4 | 10.00 | 180.00 | 190.00 | OK | |
r-patched-linux-x86_64 | 0.2.4 | 10.26 | 245.35 | 255.61 | OK | |
r-release-linux-x86_64 | 0.2.4 | 9.96 | 248.05 | 258.01 | OK | |
r-release-macos-arm64 | 0.2.4 | 5.00 | 114.00 | 119.00 | OK | |
r-release-macos-x86_64 | 0.2.4 | 11.00 | 190.00 | 201.00 | OK | |
r-release-windows-x86_64 | 0.2.4 | 11.00 | 180.00 | 191.00 | OK | |
r-oldrel-macos-arm64 | 0.2.4 | 5.00 | 81.00 | 86.00 | OK | |
r-oldrel-macos-x86_64 | 0.2.4 | 9.00 | 161.00 | 170.00 | OK | |
r-oldrel-windows-x86_64 | 0.2.4 | 15.00 | 218.00 | 233.00 | OK |
Version: 0.2.4
Check: HTML version of manual
Result: NOTE
Found the following HTML validation problems:
col_rename.html:51:1 (col_rename.Rd:12): Warning: missing </ul> before </div>
post_x.html:54:1 (post_x.Rd:14): Warning: missing </ul> before </div>
prep_cond.html:54:1 (prep_cond.Rd:14): Warning: missing </ul> before </div>
prep_x.html:50:1 (prep_x.Rd:12): Warning: missing </ul> before </div>
Flavor: r-devel-linux-x86_64-debian-clang
These binaries (installable software) and packages are in development.
They may not be fully stable and should be used with caution. We make no claims about them.