CRAN Package Check Results for Package arfima

Last updated on 2025-05-08 04:51:59 CEST.

Flavor Version Tinstall Tcheck Ttotal Status Flags
r-devel-linux-x86_64-debian-clang 1.8-1 12.76 63.67 76.43 NOTE
r-devel-linux-x86_64-debian-gcc 1.8-1 7.98 46.14 54.12 NOTE
r-devel-linux-x86_64-fedora-clang 1.8-1 122.96 OK
r-devel-linux-x86_64-fedora-gcc 1.8-1 121.64 OK
r-devel-windows-x86_64 1.8-1 14.00 105.00 119.00 NOTE
r-patched-linux-x86_64 1.8-1 10.88 61.96 72.84 NOTE
r-release-linux-x86_64 1.8-1 10.38 61.23 71.61 NOTE
r-release-macos-arm64 1.8-1 47.00 OK
r-release-macos-x86_64 1.8-1 94.00 OK
r-release-windows-x86_64 1.8-1 14.00 111.00 125.00 NOTE
r-oldrel-macos-arm64 1.8-1 41.00 OK
r-oldrel-macos-x86_64 1.8-1 73.00 OK
r-oldrel-windows-x86_64 1.8-1 14.00 103.00 117.00 OK

Check Details

Version: 1.8-1
Check: CRAN incoming feasibility
Result: NOTE Maintainer: ‘JQ Veenstra <jqveenstra@gmail.com>’ No Authors@R field in DESCRIPTION. Please add one, modifying Authors@R: c(person(given = "JQ", family = "Veenstra", role = c("aut", "cre"), email = "jqveenstra@gmail.com", comment = "Justin"), person(given = "A.I.", family = "McLeod", role = "aut")) as necessary. Package CITATION file contains call(s) to old-style citEntry(). Please use bibentry() instead. Flavors: r-devel-linux-x86_64-debian-clang, r-devel-linux-x86_64-debian-gcc

Version: 1.8-1
Check: Rd cross-references
Result: NOTE Found the following Rd file(s) with Rd \link{} targets missing package anchors: arfima.Rd: TrenchMean logLik.arfima.Rd: ltsa Please provide package anchors for all Rd \link{} targets not in the package itself and the base packages. Flavors: r-devel-linux-x86_64-debian-clang, r-devel-linux-x86_64-debian-gcc, r-devel-windows-x86_64, r-patched-linux-x86_64, r-release-linux-x86_64, r-release-windows-x86_64

These binaries (installable software) and packages are in development.
They may not be fully stable and should be used with caution. We make no claims about them.