Last updated on 2025-05-01 14:49:04 CEST.
Flavor | Version | Tinstall | Tcheck | Ttotal | Status | Flags |
---|---|---|---|---|---|---|
r-devel-linux-x86_64-debian-clang | 3.0.2 | 11.50 | 116.56 | 128.06 | NOTE | |
r-devel-linux-x86_64-debian-gcc | 3.0.2 | 7.96 | 80.85 | 88.81 | NOTE | |
r-devel-linux-x86_64-fedora-clang | 3.0.2 | 198.71 | OK | |||
r-devel-linux-x86_64-fedora-gcc | 3.0.2 | 191.86 | OK | |||
r-devel-windows-x86_64 | 3.0.2 | 11.00 | 128.00 | 139.00 | OK | |
r-patched-linux-x86_64 | 3.0.2 | 10.13 | 113.01 | 123.14 | OK | |
r-release-linux-x86_64 | OK | |||||
r-release-macos-arm64 | 3.0.2 | 65.00 | OK | |||
r-release-macos-x86_64 | 3.0.2 | 134.00 | OK | |||
r-release-windows-x86_64 | 3.0.2 | 13.00 | 132.00 | 145.00 | OK | |
r-oldrel-macos-arm64 | 3.0.2 | 52.00 | OK | |||
r-oldrel-macos-x86_64 | 3.0.2 | 86.00 | OK | |||
r-oldrel-windows-x86_64 | 3.0.2 | 14.00 | 158.00 | 172.00 | OK |
Version: 3.0.2
Check: CRAN incoming feasibility
Result: NOTE
Maintainer: ‘Shihao Yang <shihao.yang@isye.gatech.edu>’
No Authors@R field in DESCRIPTION.
Please add one, modifying
Authors@R: c(person(given = "Shaoyang",
family = "Ning",
role = "aut"),
person(given = "Shihao",
family = "Yang",
role = c("aut", "cre"),
email = "shihao.yang@isye.gatech.edu"),
person(given = c("S.", "C."),
family = "Kou",
role = "aut"))
as necessary.
Flavors: r-devel-linux-x86_64-debian-clang, r-devel-linux-x86_64-debian-gcc
Version: 3.0.2
Check: examples
Result: NOTE
Examples with CPU (user + system) or elapsed time > 5s
user system elapsed
bootstrap_relative_efficiency 6.368 0.177 8.177
Flavor: r-devel-linux-x86_64-debian-clang
These binaries (installable software) and packages are in development.
They may not be fully stable and should be used with caution. We make no claims about them.