CRAN Package Check Results for Package argonDash

Last updated on 2025-02-16 10:50:41 CET.

Flavor Version Tinstall Tcheck Ttotal Status Flags
r-devel-linux-x86_64-debian-clang 0.2.0 2.52 20.39 22.91 NOTE
r-devel-linux-x86_64-debian-gcc 0.2.0 1.87 16.62 18.49 NOTE
r-devel-linux-x86_64-fedora-clang 0.2.0 38.05 OK
r-devel-linux-x86_64-fedora-gcc 0.2.0 36.12 OK
r-devel-macos-arm64 0.2.0 22.00 OK
r-devel-macos-x86_64 0.2.0 27.00 OK
r-devel-windows-x86_64 0.2.0 5.00 52.00 57.00 NOTE
r-patched-linux-x86_64 0.2.0 6.23 19.94 26.17 NOTE
r-release-linux-x86_64 0.2.0 2.56 19.93 22.49 NOTE
r-release-macos-arm64 0.2.0 16.00 NOTE
r-release-macos-x86_64 0.2.0 26.00 NOTE
r-release-windows-x86_64 0.2.0 6.00 54.00 60.00 NOTE
r-oldrel-macos-arm64 0.2.0 19.00 NOTE
r-oldrel-macos-x86_64 0.2.0 24.00 NOTE
r-oldrel-windows-x86_64 0.2.0 5.00 49.00 54.00 NOTE

Check Details

Version: 0.2.0
Check: Rd cross-references
Result: NOTE Found the following Rd file(s) with Rd \link{} targets missing package anchors: argonDropNavItem.Rd: argonIcon argonInfoCard.Rd: argonIcon argonSidebarItem.Rd: argonIcon Please provide package anchors for all Rd \link{} targets not in the package itself and the base packages. Flavors: r-devel-linux-x86_64-debian-clang, r-devel-linux-x86_64-debian-gcc, r-devel-windows-x86_64

Version: 0.2.0
Check: LazyData
Result: NOTE 'LazyData' is specified without a 'data' directory Flavors: r-patched-linux-x86_64, r-release-linux-x86_64, r-release-macos-arm64, r-release-macos-x86_64, r-release-windows-x86_64, r-oldrel-macos-arm64, r-oldrel-macos-x86_64, r-oldrel-windows-x86_64

These binaries (installable software) and packages are in development.
They may not be fully stable and should be used with caution. We make no claims about them.