Last updated on 2025-02-07 08:51:05 CET.
Flavor | Version | Tinstall | Tcheck | Ttotal | Status | Flags |
---|---|---|---|---|---|---|
r-devel-linux-x86_64-debian-clang | 0.2.0 | 3.52 | 27.98 | 31.50 | OK | |
r-devel-linux-x86_64-debian-gcc | 0.2.0 | 2.48 | 21.74 | 24.22 | OK | |
r-devel-linux-x86_64-fedora-clang | 0.2.0 | 54.26 | OK | |||
r-devel-linux-x86_64-fedora-gcc | 0.2.0 | 62.06 | OK | |||
r-devel-windows-x86_64 | 0.2.0 | 6.00 | 58.00 | 64.00 | OK | |
r-patched-linux-x86_64 | 0.2.0 | 3.93 | 26.09 | 30.02 | NOTE | |
r-release-linux-x86_64 | 0.2.0 | 2.63 | 26.50 | 29.13 | NOTE | |
r-release-macos-arm64 | 0.2.0 | 25.00 | NOTE | |||
r-release-macos-x86_64 | 0.2.0 | 45.00 | NOTE | |||
r-release-windows-x86_64 | 0.2.0 | 7.00 | 57.00 | 64.00 | NOTE | |
r-oldrel-macos-arm64 | 0.2.0 | 27.00 | NOTE | |||
r-oldrel-macos-x86_64 | 0.2.0 | 37.00 | NOTE | |||
r-oldrel-windows-x86_64 | 0.2.0 | 6.00 | 59.00 | 65.00 | NOTE |
Version: 0.2.0
Check: LazyData
Result: NOTE
'LazyData' is specified without a 'data' directory
Flavors: r-patched-linux-x86_64, r-release-linux-x86_64, r-release-macos-arm64, r-release-macos-x86_64, r-release-windows-x86_64, r-oldrel-macos-arm64, r-oldrel-macos-x86_64, r-oldrel-windows-x86_64
These binaries (installable software) and packages are in development.
They may not be fully stable and should be used with caution. We make no claims about them.