Last updated on 2025-02-16 10:50:41 CET.
Flavor | Version | Tinstall | Tcheck | Ttotal | Status | Flags |
---|---|---|---|---|---|---|
r-devel-linux-x86_64-debian-clang | 0.7.2 | 2.03 | 20.61 | 22.64 | NOTE | |
r-devel-linux-x86_64-debian-gcc | 0.7.2 | 1.58 | 16.67 | 18.25 | NOTE | |
r-devel-linux-x86_64-fedora-clang | 0.7.2 | 36.24 | OK | |||
r-devel-linux-x86_64-fedora-gcc | 0.7.2 | 33.51 | OK | |||
r-devel-macos-arm64 | 0.7.2 | 15.00 | OK | |||
r-devel-macos-x86_64 | 0.7.2 | 25.00 | OK | |||
r-devel-windows-x86_64 | 0.7.2 | 4.00 | 49.00 | 53.00 | OK | |
r-patched-linux-x86_64 | 0.7.2 | 2.11 | 18.86 | 20.97 | OK | |
r-release-linux-x86_64 | 0.7.2 | 1.98 | 18.95 | 20.93 | OK | |
r-release-macos-arm64 | 0.7.2 | 20.00 | OK | |||
r-release-macos-x86_64 | 0.7.2 | 21.00 | OK | |||
r-release-windows-x86_64 | 0.7.2 | 3.00 | 52.00 | 55.00 | OK | |
r-oldrel-macos-arm64 | 0.7.2 | 34.00 | OK | |||
r-oldrel-macos-x86_64 | 0.7.2 | 52.00 | OK | |||
r-oldrel-windows-x86_64 | 0.7.2 | 3.00 | 49.00 | 52.00 | OK |
Version: 0.7.2
Check: for unstated dependencies in ‘demo’
Result: NOTE
'library' or 'require' call not declared from: ‘magrittr’
Flavors: r-devel-linux-x86_64-debian-clang, r-devel-linux-x86_64-debian-gcc
These binaries (installable software) and packages are in development.
They may not be fully stable and should be used with caution. We make no claims about them.