Last updated on 2025-05-07 15:49:10 CEST.
Flavor | Version | Tinstall | Tcheck | Ttotal | Status | Flags |
---|---|---|---|---|---|---|
r-devel-linux-x86_64-debian-clang | 3.3.0 | 8.24 | 64.21 | 72.45 | NOTE | |
r-devel-linux-x86_64-debian-gcc | 3.3.0 | 6.16 | 43.96 | 50.12 | NOTE | |
r-devel-linux-x86_64-fedora-clang | 3.3.0 | 104.80 | NOTE | |||
r-devel-linux-x86_64-fedora-gcc | 3.3.0 | 109.34 | NOTE | |||
r-devel-windows-x86_64 | 3.3.0 | 13.00 | 84.00 | 97.00 | NOTE | |
r-patched-linux-x86_64 | 3.3.0 | 7.17 | 59.34 | 66.51 | NOTE | |
r-release-linux-x86_64 | 3.3.0 | 8.33 | 58.77 | 67.10 | NOTE | |
r-release-macos-arm64 | 3.3.0 | 40.00 | NOTE | |||
r-release-macos-x86_64 | 3.3.0 | 69.00 | NOTE | |||
r-release-windows-x86_64 | 3.3.0 | 12.00 | 76.00 | 88.00 | NOTE | |
r-oldrel-macos-arm64 | 3.3.0 | 34.00 | OK | |||
r-oldrel-macos-x86_64 | 3.3.0 | 80.00 | OK | |||
r-oldrel-windows-x86_64 | 3.3.0 | 15.00 | 93.00 | 108.00 | OK |
Version: 3.3.0
Check: DESCRIPTION meta-information
Result: NOTE
Missing dependency on R >= 4.1.0 because package code uses the pipe
|> or function shorthand \(...) syntax added in R 4.1.0.
File(s) using such syntax:
‘sample_ARMA_coef.R’
Flavors: r-devel-linux-x86_64-debian-clang, r-devel-linux-x86_64-debian-gcc, r-devel-linux-x86_64-fedora-clang, r-devel-linux-x86_64-fedora-gcc, r-devel-windows-x86_64, r-patched-linux-x86_64, r-release-linux-x86_64, r-release-macos-arm64, r-release-macos-x86_64, r-release-windows-x86_64
These binaries (installable software) and packages are in development.
They may not be fully stable and should be used with caution. We make no claims about them.