Last updated on 2025-02-16 12:53:28 CET.
Flavor | Version | Tinstall | Tcheck | Ttotal | Status | Flags |
---|---|---|---|---|---|---|
r-devel-linux-x86_64-debian-clang | 0.0.18 | 3.00 | 194.59 | 197.59 | OK | |
r-devel-linux-x86_64-debian-gcc | 0.0.18 | 2.39 | 151.17 | 153.56 | OK | |
r-devel-linux-x86_64-fedora-clang | 0.0.18 | 324.41 | OK | |||
r-devel-linux-x86_64-fedora-gcc | 0.0.18 | 345.43 | OK | |||
r-devel-macos-arm64 | 0.0.18 | 108.00 | OK | |||
r-devel-macos-x86_64 | 0.0.18 | 241.00 | OK | |||
r-devel-windows-x86_64 | 0.0.18 | 4.00 | 232.00 | 236.00 | OK | |
r-patched-linux-x86_64 | 0.0.18 | 2.32 | 191.29 | 193.61 | OK | |
r-release-linux-x86_64 | 0.0.18 | 2.98 | 192.64 | 195.62 | OK | |
r-release-macos-arm64 | 0.0.18 | 112.00 | OK | |||
r-release-macos-x86_64 | 0.0.18 | 205.00 | NOTE | |||
r-release-windows-x86_64 | 0.0.18 | 4.00 | 239.00 | 243.00 | OK | |
r-oldrel-macos-arm64 | 0.0.18 | 117.00 | OK | |||
r-oldrel-macos-x86_64 | 0.0.18 | 363.00 | OK | |||
r-oldrel-windows-x86_64 | 0.0.18 | 5.00 | 291.00 | 296.00 | OK |
Version: 0.0.18
Check: package dependencies
Result: NOTE
Package suggested but not available for checking: ‘arrow’
Flavor: r-release-macos-x86_64
Version: 0.0.18
Check: Rd cross-references
Result: NOTE
Package unavailable to check Rd xrefs: ‘arrow’
Flavor: r-release-macos-x86_64
These binaries (installable software) and packages are in development.
They may not be fully stable and should be used with caution. We make no claims about them.