Last updated on 2025-10-03 05:53:24 CEST.
Flavor | Version | Tinstall | Tcheck | Ttotal | Status | Flags |
---|---|---|---|---|---|---|
r-devel-linux-x86_64-debian-clang | 0.0.18 | 3.19 | 199.54 | 202.73 | OK | |
r-devel-linux-x86_64-debian-gcc | 0.0.18 | 2.20 | 154.47 | 156.67 | OK | |
r-devel-linux-x86_64-fedora-clang | 0.0.18 | 320.09 | OK | |||
r-devel-linux-x86_64-fedora-gcc | 0.0.18 | 351.65 | OK | |||
r-devel-windows-x86_64 | 0.0.18 | 5.00 | 237.00 | 242.00 | OK | |
r-patched-linux-x86_64 | 0.0.18 | 3.20 | 195.12 | 198.32 | OK | |
r-release-linux-x86_64 | 0.0.18 | 2.38 | 196.72 | 199.10 | OK | |
r-release-macos-arm64 | 0.0.18 | 133.00 | OK | |||
r-release-macos-x86_64 | 0.0.18 | 242.00 | OK | |||
r-release-windows-x86_64 | 0.0.18 | 4.00 | 241.00 | 245.00 | OK | |
r-oldrel-macos-arm64 | 0.0.18 | 112.00 | OK | |||
r-oldrel-macos-x86_64 | 0.0.18 | 205.00 | NOTE | |||
r-oldrel-windows-x86_64 | 0.0.18 | 6.00 | 296.00 | 302.00 | OK |
Version: 0.0.18
Check: package dependencies
Result: NOTE
Package suggested but not available for checking: ‘arrow’
Flavor: r-oldrel-macos-x86_64
Version: 0.0.18
Check: Rd cross-references
Result: NOTE
Package unavailable to check Rd xrefs: ‘arrow’
Flavor: r-oldrel-macos-x86_64
These binaries (installable software) and packages are in development.
They may not be fully stable and should be used with caution. We make no claims about them.