CRAN Package Check Results for Package armadillo4r

Last updated on 2025-11-11 15:50:27 CET.

Flavor Version Tinstall Tcheck Ttotal Status Flags
r-devel-linux-x86_64-debian-clang 0.6.0 8.86 23.35 32.21 OK
r-devel-linux-x86_64-debian-gcc 0.6.0 5.29 19.61 24.90 OK
r-devel-linux-x86_64-fedora-clang 0.6.0 61.00 -9.33 51.67 OK
r-devel-linux-x86_64-fedora-gcc 0.6.0 17.00 26.99 43.99 OK
r-devel-windows-x86_64 0.6.0 20.00 59.00 79.00 OK
r-patched-linux-x86_64 0.6.0 7.32 21.03 28.35 OK
r-release-linux-x86_64 0.6.0 7.74 20.75 28.49 OK
r-release-macos-arm64 0.6.0 5.00 19.00 24.00 OK
r-release-macos-x86_64 0.6.0 11.00 32.00 43.00 OK
r-release-windows-x86_64 0.6.0 23.00 62.00 85.00 OK
r-oldrel-macos-arm64 0.6.0 5.00 22.00 27.00 NOTE
r-oldrel-macos-x86_64 0.6.0 12.00 38.00 50.00 NOTE
r-oldrel-windows-x86_64 0.6.0 20.00 49.00 69.00 NOTE

Check Details

Version: 0.6.0
Check: installed package size
Result: NOTE installed size is 6.7Mb sub-directories of 1Mb or more: include 6.5Mb Flavors: r-oldrel-macos-arm64, r-oldrel-macos-x86_64, r-oldrel-windows-x86_64

These binaries (installable software) and packages are in development.
They may not be fully stable and should be used with caution. We make no claims about them.