Last updated on 2025-10-23 15:49:46 CEST.
Flavor | Version | Tinstall | Tcheck | Ttotal | Status | Flags |
---|---|---|---|---|---|---|
r-devel-linux-x86_64-debian-clang | 3.3.2 | 30.22 | 173.71 | 203.93 | OK | |
r-devel-linux-x86_64-debian-gcc | 3.3.2 | 17.37 | 113.41 | 130.78 | OK | |
r-devel-linux-x86_64-fedora-clang | 3.3.2 | 59.00 | 248.83 | 307.83 | OK | |
r-devel-linux-x86_64-fedora-gcc | 3.3.2 | 65.00 | 230.70 | 295.70 | OK | |
r-devel-windows-x86_64 | 3.3.2 | 28.00 | 183.00 | 211.00 | OK | |
r-patched-linux-x86_64 | 3.3.2 | 32.02 | 161.00 | 193.02 | OK | |
r-release-linux-x86_64 | 3.3.2 | 23.37 | 164.99 | 188.36 | OK | |
r-release-macos-arm64 | 3.3.2 | 15.00 | 78.00 | 93.00 | OK | |
r-release-macos-x86_64 | 3.3.2 | 27.00 | 150.00 | 177.00 | OK | |
r-release-windows-x86_64 | 3.3.2 | 28.00 | 188.00 | 216.00 | OK | |
r-oldrel-macos-arm64 | 3.3.2 | 14.00 | 72.00 | 86.00 | NOTE | |
r-oldrel-macos-x86_64 | 3.3.2 | 27.00 | 181.00 | 208.00 | NOTE | |
r-oldrel-windows-x86_64 | 3.3.2 | 39.00 | 228.00 | 267.00 | NOTE |
Version: 3.3.2
Check: package dependencies
Result: NOTE
Packages suggested but not available for checking:
'sfit', 'expectile', 'HaarSeg', 'mpcbs'
Flavors: r-oldrel-macos-arm64, r-oldrel-macos-x86_64, r-oldrel-windows-x86_64
These binaries (installable software) and packages are in development.
They may not be fully stable and should be used with caution. We make no claims about them.