CRAN Package Check Results for Package arrayhelpers

Last updated on 2025-02-16 10:50:41 CET.

Flavor Version Tinstall Tcheck Ttotal Status Flags
r-devel-linux-x86_64-debian-clang 1.1-0 2.58 25.92 28.50 OK
r-devel-linux-x86_64-debian-gcc 1.1-0 1.84 20.07 21.91 OK
r-devel-linux-x86_64-fedora-clang 1.1-0 45.69 OK
r-devel-linux-x86_64-fedora-gcc 1.1-0 44.17 OK
r-devel-macos-arm64 1.1-0 19.00 OK
r-devel-macos-x86_64 1.1-0 33.00 OK
r-devel-windows-x86_64 1.1-0 4.00 55.00 59.00 OK
r-patched-linux-x86_64 1.1-0 3.16 24.38 27.54 NOTE
r-release-linux-x86_64 1.1-0 2.50 24.80 27.30 NOTE
r-release-macos-arm64 1.1-0 19.00 NOTE
r-release-macos-x86_64 1.1-0 28.00 NOTE
r-release-windows-x86_64 1.1-0 3.00 56.00 59.00 NOTE
r-oldrel-macos-arm64 1.1-0 19.00 NOTE
r-oldrel-macos-x86_64 1.1-0 26.00 NOTE
r-oldrel-windows-x86_64 1.1-0 4.00 55.00 59.00 NOTE

Check Details

Version: 1.1-0
Check: LazyData
Result: NOTE 'LazyData' is specified without a 'data' directory Flavors: r-patched-linux-x86_64, r-release-linux-x86_64, r-release-macos-arm64, r-release-macos-x86_64, r-release-windows-x86_64, r-oldrel-macos-arm64, r-oldrel-macos-x86_64, r-oldrel-windows-x86_64

These binaries (installable software) and packages are in development.
They may not be fully stable and should be used with caution. We make no claims about them.