Last updated on 2025-04-16 00:49:35 CEST.
Flavor | Version | Tinstall | Tcheck | Ttotal | Status | Flags |
---|---|---|---|---|---|---|
r-devel-linux-x86_64-debian-clang | 1.2.7 | 10.54 | 104.39 | 114.93 | OK | |
r-devel-linux-x86_64-debian-gcc | 1.2.7 | 8.07 | 73.48 | 81.55 | ERROR | |
r-devel-linux-x86_64-fedora-clang | 1.2.7 | 179.48 | OK | |||
r-devel-linux-x86_64-fedora-gcc | 1.2.7 | 191.70 | OK | |||
r-devel-windows-x86_64 | 1.2.7 | 14.00 | 110.00 | 124.00 | NOTE | |
r-patched-linux-x86_64 | 1.2.7 | 9.84 | 101.53 | 111.37 | OK | |
r-release-linux-x86_64 | 1.2.7 | 9.64 | 102.76 | 112.40 | OK | |
r-release-macos-arm64 | 1.2.7 | 102.00 | OK | |||
r-release-macos-x86_64 | 1.2.7 | 120.00 | OK | |||
r-release-windows-x86_64 | 1.2.7 | 14.00 | 111.00 | 125.00 | NOTE | |
r-oldrel-macos-arm64 | 1.2.7 | 68.00 | OK | |||
r-oldrel-macos-x86_64 | 1.2.7 | 91.00 | OK | |||
r-oldrel-windows-x86_64 | 1.2.7 | 16.00 | 135.00 | 151.00 | OK |
Version: 1.2.7
Check: tests
Result: ERROR
Running ‘testthat.R’ [12s/15s]
Running the tests in ‘tests/testthat.R’ failed.
Complete output:
> library("testthat")
> library("arulesCBA")
Loading required package: Matrix
Loading required package: arules
Attaching package: 'arules'
The following objects are masked from 'package:base':
abbreviate, write
>
> testthat::test_check("arulesCBA")
[ FAIL 1 | WARN 0 | SKIP 0 | PASS 84 ]
══ Failed tests ════════════════════════════════════════════════════════════════
── Error ('test-classifiers.R:60:3'): (code run outside of `test_that()`) ──────
Error in `base::rowSums(x, na.rm = na.rm, dims = dims, ...)`: 'x' must be an array of at least two dimensions
Backtrace:
▆
1. └─arulesCBA (local) cl(f, dat) at test-classifiers.R:60:3
2. └─arulesCBA::pruneCBA_M1(formula, rulebase, trans)
3. ├─methods (local) rowSums(rhss[class_ids, ])
4. └─methods (local) rowSums(rhss[class_ids, ])
5. └─base::rowSums(x, na.rm = na.rm, dims = dims, ...)
[ FAIL 1 | WARN 0 | SKIP 0 | PASS 84 ]
Error: Test failures
Execution halted
Flavor: r-devel-linux-x86_64-debian-gcc
Version: 1.2.7
Check: dependencies in R code
Result: NOTE
OpenJDK 64-Bit Server VM warning: The Windows job object has enabled multiple processor groups (2) but the UseAllWindowsProcessorGroups flag is off. Some processors might not be used.
Flavors: r-devel-windows-x86_64, r-release-windows-x86_64
These binaries (installable software) and packages are in development.
They may not be fully stable and should be used with caution. We make no claims about them.