Last updated on 2025-10-23 21:51:20 CEST.
Flavor | Version | Tinstall | Tcheck | Ttotal | Status | Flags |
---|---|---|---|---|---|---|
r-devel-linux-x86_64-debian-clang | 0.2-31 | 30.72 | 137.28 | 168.00 | OK | |
r-devel-linux-x86_64-debian-gcc | 0.2-31 | 20.87 | 95.98 | 116.85 | OK | |
r-devel-linux-x86_64-fedora-clang | 0.2-31 | 108.00 | 183.55 | 291.55 | OK | |
r-devel-linux-x86_64-fedora-gcc | 0.2-31 | 72.00 | 187.15 | 259.15 | OK | |
r-devel-windows-x86_64 | 0.2-31 | 46.00 | 145.00 | 191.00 | OK | |
r-patched-linux-x86_64 | 0.2-31 | 32.98 | 129.29 | 162.27 | OK | |
r-release-linux-x86_64 | 0.2-31 | 30.35 | 130.28 | 160.63 | OK | |
r-release-macos-arm64 | 0.2-31 | 22.00 | 74.00 | 96.00 | OK | |
r-release-macos-x86_64 | 0.2-31 | 26.00 | 160.00 | 186.00 | OK | |
r-release-windows-x86_64 | 0.2-31 | 48.00 | 153.00 | 201.00 | OK | |
r-oldrel-macos-arm64 | 0.2-31 | 17.00 | 69.00 | 86.00 | OK | |
r-oldrel-macos-x86_64 | 0.2-31 | 41.00 | 174.00 | 215.00 | OK | |
r-oldrel-windows-x86_64 | 0.2-31 | 55.00 | 188.00 | 243.00 | NOTE |
Version: 0.2-31
Check: installed package size
Result: NOTE
installed size is 14.4Mb
sub-directories of 1Mb or more:
bin 11.3Mb
misc 2.1Mb
Flavor: r-oldrel-windows-x86_64
These binaries (installable software) and packages are in development.
They may not be fully stable and should be used with caution. We make no claims about them.