CRAN Package Check Results for Package arulesSequences

Last updated on 2025-07-26 07:50:15 CEST.

Flavor Version Tinstall Tcheck Ttotal Status Flags
r-devel-linux-x86_64-debian-clang 0.2-31 31.66 137.26 168.92 OK
r-devel-linux-x86_64-debian-gcc 0.2-31 21.83 95.61 117.44 OK
r-devel-linux-x86_64-fedora-clang 0.2-31 292.90 OK
r-devel-linux-x86_64-fedora-gcc 0.2-31 258.21 OK
r-devel-windows-x86_64 0.2-31 48.00 170.00 218.00 OK
r-patched-linux-x86_64 0.2-31 31.72 129.30 161.02 OK
r-release-linux-x86_64 0.2-31 30.54 130.69 161.23 OK
r-release-macos-arm64 0.2-31 96.00 OK
r-release-macos-x86_64 0.2-31 186.00 OK
r-release-windows-x86_64 0.2-31 48.00 185.00 233.00 OK
r-oldrel-macos-arm64 0.2-31 86.00 OK
r-oldrel-macos-x86_64 0.2-31 215.00 OK
r-oldrel-windows-x86_64 0.2-31 57.00 184.00 241.00 NOTE

Check Details

Version: 0.2-31
Check: installed package size
Result: NOTE installed size is 14.4Mb sub-directories of 1Mb or more: bin 11.3Mb misc 2.1Mb Flavor: r-oldrel-windows-x86_64

These binaries (installable software) and packages are in development.
They may not be fully stable and should be used with caution. We make no claims about them.