Last updated on 2025-10-24 13:49:32 CEST.
| Flavor | Version | Tinstall | Tcheck | Ttotal | Status | Flags |
|---|---|---|---|---|---|---|
| r-devel-linux-x86_64-debian-clang | 0.50 | 1.20 | 16.10 | 17.30 | NOTE | |
| r-devel-linux-x86_64-debian-gcc | 0.50 | 0.89 | 12.87 | 13.76 | NOTE | |
| r-devel-linux-x86_64-fedora-clang | 0.50 | 24.09 | OK | |||
| r-devel-linux-x86_64-fedora-gcc | 0.50 | 24.06 | OK | |||
| r-devel-windows-x86_64 | 0.50 | 2.00 | 39.00 | 41.00 | OK | |
| r-patched-linux-x86_64 | 0.50 | 1.08 | 15.28 | 16.36 | OK | |
| r-release-linux-x86_64 | 0.50 | 1.29 | 15.31 | 16.60 | OK | |
| r-release-macos-arm64 | 0.50 | 1.00 | 13.00 | 14.00 | OK | |
| r-release-macos-x86_64 | 0.50 | 1.00 | 23.00 | 24.00 | OK | |
| r-release-windows-x86_64 | 0.50 | 2.00 | 41.00 | 43.00 | OK | |
| r-oldrel-macos-arm64 | 0.50 | 1.00 | 17.00 | 18.00 | OK | |
| r-oldrel-macos-x86_64 | 0.50 | 1.00 | 16.00 | 17.00 | OK | |
| r-oldrel-windows-x86_64 | 0.50 | 2.00 | 39.00 | 41.00 | OK |
Version: 0.50
Check: CRAN incoming feasibility
Result: NOTE
Maintainer: ‘Dirk F. Moore <dirkfmoore@gmail.com>’
No Authors@R field in DESCRIPTION.
Please add one, modifying
Authors@R: person(given = c("Dirk", "F."),
family = "Moore",
role = c("aut", "cre"),
email = "dirkfmoore@gmail.com")
as necessary.
Flavors: r-devel-linux-x86_64-debian-clang, r-devel-linux-x86_64-debian-gcc
These binaries (installable software) and packages are in development.
They may not be fully stable and should be used with caution. We make no claims about them.