CRAN Package Check Results for Package asciichartr

Last updated on 2025-05-08 04:51:59 CEST.

Flavor Version Tinstall Tcheck Ttotal Status Flags
r-devel-linux-x86_64-debian-clang 0.1.0 1.45 17.75 19.20 NOTE
r-devel-linux-x86_64-debian-gcc 0.1.0 1.33 14.90 16.23 NOTE
r-devel-linux-x86_64-fedora-clang 0.1.0 29.77 NOTE
r-devel-linux-x86_64-fedora-gcc 0.1.0 28.50 NOTE
r-devel-windows-x86_64 0.1.0 2.00 39.00 41.00 OK
r-patched-linux-x86_64 0.1.0 1.74 17.16 18.90 OK
r-release-linux-x86_64 0.1.0 1.45 16.97 18.42 OK
r-release-macos-arm64 0.1.0 16.00 OK
r-release-macos-x86_64 0.1.0 25.00 OK
r-release-windows-x86_64 0.1.0 3.00 42.00 45.00 OK
r-oldrel-macos-arm64 0.1.0 20.00 NOTE
r-oldrel-macos-x86_64 0.1.0 20.00 NOTE
r-oldrel-windows-x86_64 0.1.0 3.00 38.00 41.00 NOTE

Check Details

Version: 0.1.0
Check: CRAN incoming feasibility
Result: NOTE Maintainer: ‘Brian <bleemayer@gmail.com>’ No Authors@R field in DESCRIPTION. Please add one, modifying Authors@R: c(person(given = c("Brian", "Lee"), family = "Mayer", role = "aut"), person(family = "Brian", role = "cre", email = "bleemayer@gmail.com")) as necessary. Flavors: r-devel-linux-x86_64-debian-clang, r-devel-linux-x86_64-debian-gcc

Version: 0.1.0
Check: dependencies in R code
Result: NOTE Namespace in Imports field not imported from: ‘methods’ All declared Imports should be used. Flavors: r-devel-linux-x86_64-fedora-clang, r-devel-linux-x86_64-fedora-gcc

Version: 0.1.0
Check: LazyData
Result: NOTE 'LazyData' is specified without a 'data' directory Flavors: r-oldrel-macos-arm64, r-oldrel-macos-x86_64, r-oldrel-windows-x86_64

These binaries (installable software) and packages are in development.
They may not be fully stable and should be used with caution. We make no claims about them.