Last updated on 2025-10-27 13:49:55 CET.
| Flavor | Version | Tinstall | Tcheck | Ttotal | Status | Flags |
|---|---|---|---|---|---|---|
| r-devel-linux-x86_64-debian-clang | 0.2 | 2.92 | 27.04 | 29.96 | NOTE | |
| r-devel-linux-x86_64-debian-gcc | 0.2 | 2.05 | 21.57 | 23.62 | NOTE | |
| r-devel-linux-x86_64-fedora-clang | 0.2 | 11.00 | 35.52 | 46.52 | OK | |
| r-devel-linux-x86_64-fedora-gcc | 0.2 | 42.65 | OK | |||
| r-devel-windows-x86_64 | 0.2 | 4.00 | 45.00 | 49.00 | OK | |
| r-patched-linux-x86_64 | 0.2 | 2.69 | 25.84 | 28.53 | OK | |
| r-release-linux-x86_64 | 0.2 | 2.83 | 25.83 | 28.66 | OK | |
| r-release-macos-arm64 | 0.2 | 2.00 | 19.00 | 21.00 | OK | |
| r-release-macos-x86_64 | 0.2 | 3.00 | 28.00 | 31.00 | OK | |
| r-release-windows-x86_64 | 0.2 | 6.00 | 47.00 | 53.00 | OK | |
| r-oldrel-macos-arm64 | 0.2 | 1.00 | 17.00 | 18.00 | OK | |
| r-oldrel-macos-x86_64 | 0.2 | 2.00 | 24.00 | 26.00 | OK | |
| r-oldrel-windows-x86_64 | 0.2 | 5.00 | 50.00 | 55.00 | OK |
Version: 0.2
Check: CRAN incoming feasibility
Result: NOTE
Maintainer: ‘Jeremy Leipzig <leipzig@gmail.com>’
No Authors@R field in DESCRIPTION.
Please add one, modifying
Authors@R: person(given = "Jeremy",
family = "Leipzig",
role = c("aut", "cre"),
email = "leipzig@gmail.com")
as necessary.
Flavors: r-devel-linux-x86_64-debian-clang, r-devel-linux-x86_64-debian-gcc
These binaries (installable software) and packages are in development.
They may not be fully stable and should be used with caution. We make no claims about them.