CRAN Package Check Results for Package ascotraceR

Last updated on 2025-07-24 21:49:39 CEST.

Flavor Version Tinstall Tcheck Ttotal Status Flags
r-devel-linux-x86_64-debian-clang 0.0.1 3.21 98.32 101.53 OK
r-devel-linux-x86_64-debian-gcc 0.0.1 2.29 69.92 72.21 OK
r-devel-linux-x86_64-fedora-clang 0.0.1 139.75 NOTE
r-devel-linux-x86_64-fedora-gcc 0.0.1 140.98 NOTE
r-devel-windows-x86_64 0.0.1 5.00 91.00 96.00 OK
r-patched-linux-x86_64 0.0.1 3.13 80.85 83.98 OK
r-release-linux-x86_64 0.0.1 2.99 81.26 84.25 OK
r-release-macos-arm64 0.0.1 65.00 OK
r-release-macos-x86_64 0.0.1 99.00 OK
r-release-windows-x86_64 0.0.1 5.00 89.00 94.00 OK
r-oldrel-macos-arm64 0.0.1 39.00 OK
r-oldrel-macos-x86_64 0.0.1 76.00 OK
r-oldrel-windows-x86_64 0.0.1 6.00 112.00 118.00 OK

Check Details

Version: 0.0.1
Check: dependencies in R code
Result: NOTE Namespace in Imports field not imported from: ‘purrr’ All declared Imports should be used. Flavors: r-devel-linux-x86_64-fedora-clang, r-devel-linux-x86_64-fedora-gcc

These binaries (installable software) and packages are in development.
They may not be fully stable and should be used with caution. We make no claims about them.