Last updated on 2025-11-13 03:50:55 CET.
| Flavor | Version | Tinstall | Tcheck | Ttotal | Status | Flags |
|---|---|---|---|---|---|---|
| r-devel-linux-x86_64-debian-clang | 0.0.1 | 3.23 | 98.07 | 101.30 | OK | |
| r-devel-linux-x86_64-debian-gcc | 0.0.1 | 2.22 | 70.77 | 72.99 | OK | |
| r-devel-linux-x86_64-fedora-clang | 0.0.1 | 16.00 | 132.68 | 148.68 | NOTE | |
| r-devel-linux-x86_64-fedora-gcc | 0.0.1 | 144.84 | NOTE | |||
| r-devel-windows-x86_64 | 0.0.1 | 7.00 | 91.00 | 98.00 | OK | |
| r-patched-linux-x86_64 | 0.0.1 | 2.59 | 82.31 | 84.90 | OK | |
| r-release-linux-x86_64 | 0.0.1 | 3.03 | 81.98 | 85.01 | OK | |
| r-release-macos-arm64 | 0.0.1 | 2.00 | 63.00 | 65.00 | OK | |
| r-release-macos-x86_64 | 0.0.1 | 3.00 | 96.00 | 99.00 | OK | |
| r-release-windows-x86_64 | 0.0.1 | 5.00 | 89.00 | 94.00 | OK | |
| r-oldrel-macos-arm64 | 0.0.1 | 1.00 | 38.00 | 39.00 | OK | |
| r-oldrel-macos-x86_64 | 0.0.1 | 2.00 | 74.00 | 76.00 | OK | |
| r-oldrel-windows-x86_64 | 0.0.1 | 6.00 | 111.00 | 117.00 | OK |
Version: 0.0.1
Check: dependencies in R code
Result: NOTE
Namespace in Imports field not imported from: ‘purrr’
All declared Imports should be used.
Flavors: r-devel-linux-x86_64-fedora-clang, r-devel-linux-x86_64-fedora-gcc
These binaries (installable software) and packages are in development.
They may not be fully stable and should be used with caution. We make no claims about them.