CRAN Package Check Results for Package asd

Last updated on 2025-11-16 11:49:33 CET.

Flavor Version Tinstall Tcheck Ttotal Status Flags
r-devel-linux-x86_64-debian-clang 2.2 3.07 34.85 37.92 NOTE
r-devel-linux-x86_64-debian-gcc 2.2 2.64 25.22 27.86 NOTE
r-devel-linux-x86_64-fedora-clang 2.2 24.00 37.74 61.74 OK
r-devel-linux-x86_64-fedora-gcc 2.2 54.85 OK
r-devel-windows-x86_64 2.2 7.00 54.00 61.00 OK
r-patched-linux-x86_64 2.2 3.44 33.35 36.79 OK
r-release-linux-x86_64 2.2 2.85 33.27 36.12 OK
r-release-macos-arm64 2.2 2.00 18.00 20.00 OK
r-release-macos-x86_64 2.2 3.00 35.00 38.00 OK
r-release-windows-x86_64 2.2 5.00 56.00 61.00 OK
r-oldrel-macos-arm64 2.2 2.00 27.00 29.00 OK
r-oldrel-macos-x86_64 2.2 2.00 27.00 29.00 OK
r-oldrel-windows-x86_64 2.2 6.00 64.00 70.00 OK

Check Details

Version: 2.2
Check: CRAN incoming feasibility
Result: NOTE Maintainer: ‘Nick Parsons <nick.parsons@warwick.ac.uk>’ No Authors@R field in DESCRIPTION. Please add one, modifying Authors@R: person(given = "Nick", family = "Parsons", role = c("aut", "cre"), email = "nick.parsons@warwick.ac.uk") as necessary. Flavors: r-devel-linux-x86_64-debian-clang, r-devel-linux-x86_64-debian-gcc

These binaries (installable software) and packages are in development.
They may not be fully stable and should be used with caution. We make no claims about them.