Last updated on 2024-07-27 15:50:11 CEST.
Flavor | Version | Tinstall | Tcheck | Ttotal | Status | Flags |
---|---|---|---|---|---|---|
r-devel-linux-x86_64-debian-clang | 1.0.0 | 271.16 | 137.56 | 408.72 | OK | |
r-devel-linux-x86_64-debian-gcc | 1.0.0 | OK | ||||
r-devel-linux-x86_64-fedora-clang | 1.0.0 | 726.57 | OK | |||
r-devel-linux-x86_64-fedora-gcc | 1.0.0 | 633.30 | OK | |||
r-devel-windows-x86_64 | 1.0.0 | 206.00 | 133.00 | 339.00 | OK | |
r-patched-linux-x86_64 | 1.0.0 | OK | ||||
r-release-linux-x86_64 | 1.0.0 | 181.67 | 154.73 | 336.40 | OK | |
r-release-macos-arm64 | 1.0.0 | 129.00 | NOTE | |||
r-release-macos-x86_64 | 1.0.0 | 132.00 | NOTE | |||
r-release-windows-x86_64 | 1.0.0 | 264.00 | 138.00 | 402.00 | OK | |
r-oldrel-macos-arm64 | 1.0.0 | 96.00 | NOTE | |||
r-oldrel-macos-x86_64 | 1.0.0 | 170.00 | NOTE | |||
r-oldrel-windows-x86_64 | 1.0.0 | 259.00 | 169.00 | 428.00 | OK |
Version: 1.0.0
Check: installed package size
Result: NOTE
installed size is 10.8Mb
sub-directories of 1Mb or more:
data 1.1Mb
libs 8.5Mb
Flavors: r-release-macos-arm64, r-release-macos-x86_64, r-oldrel-macos-arm64, r-oldrel-macos-x86_64
These binaries (installable software) and packages are in development.
They may not be fully stable and should be used with caution. We make no claims about them.