Last updated on 2025-10-23 17:50:41 CEST.
| Flavor | Version | Tinstall | Tcheck | Ttotal | Status | Flags |
|---|---|---|---|---|---|---|
| r-devel-linux-x86_64-debian-clang | 1.0.0 | 198.75 | 150.08 | 348.83 | OK | |
| r-devel-linux-x86_64-debian-gcc | 1.0.0 | 115.64 | 101.09 | 216.73 | OK | |
| r-devel-linux-x86_64-fedora-clang | 1.0.0 | 332.00 | 324.98 | 656.98 | OK | |
| r-devel-linux-x86_64-fedora-gcc | 1.0.0 | 251.00 | 341.86 | 592.86 | OK | |
| r-devel-windows-x86_64 | 1.0.0 | 240.00 | 153.00 | 393.00 | OK | |
| r-patched-linux-x86_64 | 1.0.0 | 195.68 | 141.04 | 336.72 | OK | |
| r-release-linux-x86_64 | 1.0.0 | 177.85 | 139.51 | 317.36 | OK | |
| r-release-macos-arm64 | 1.0.0 | 67.00 | 54.00 | 121.00 | OK | |
| r-release-macos-x86_64 | 1.0.0 | 55.00 | 102.00 | 157.00 | OK | |
| r-release-windows-x86_64 | 1.0.0 | 238.00 | 151.00 | 389.00 | OK | |
| r-oldrel-macos-arm64 | 1.0.0 | 77.00 | 52.00 | 129.00 | NOTE | |
| r-oldrel-macos-x86_64 | 1.0.0 | 50.00 | 82.00 | 132.00 | NOTE | |
| r-oldrel-windows-x86_64 | 1.0.0 | 221.00 | 198.00 | 419.00 | OK |
Version: 1.0.0
Check: installed package size
Result: NOTE
installed size is 10.8Mb
sub-directories of 1Mb or more:
data 1.1Mb
libs 8.5Mb
Flavors: r-oldrel-macos-arm64, r-oldrel-macos-x86_64
These binaries (installable software) and packages are in development.
They may not be fully stable and should be used with caution. We make no claims about them.