CRAN Package Check Results for Package asnipe

Last updated on 2025-11-13 21:49:51 CET.

Flavor Version Tinstall Tcheck Ttotal Status Flags
r-devel-linux-x86_64-debian-clang 1.1.17 9.06 95.50 104.56 NOTE
r-devel-linux-x86_64-debian-gcc 1.1.17 6.01 64.33 70.34 NOTE
r-devel-linux-x86_64-fedora-clang 1.1.17 35.00 141.37 176.37 OK
r-devel-linux-x86_64-fedora-gcc 1.1.17 18.00 139.35 157.35 OK
r-devel-windows-x86_64 1.1.17 10.00 105.00 115.00 OK
r-patched-linux-x86_64 1.1.17 7.79 90.44 98.23 OK
r-release-linux-x86_64 1.1.17 7.67 91.19 98.86 OK
r-release-macos-arm64 1.1.17 4.00 40.00 44.00 OK
r-release-macos-x86_64 1.1.17 8.00 76.00 84.00 OK
r-release-windows-x86_64 1.1.17 10.00 100.00 110.00 OK
r-oldrel-macos-arm64 1.1.17 4.00 38.00 42.00 OK
r-oldrel-macos-x86_64 1.1.17 6.00 74.00 80.00 OK
r-oldrel-windows-x86_64 1.1.17 13.00 127.00 140.00 OK

Check Details

Version: 1.1.17
Check: CRAN incoming feasibility
Result: NOTE Maintainer: ‘Damien R. Farine <dfarine@ab.mpg.de>’ No Authors@R field in DESCRIPTION. Please add one, modifying Authors@R: person(given = c("Damien", "R."), family = "Farine", role = c("aut", "cre"), email = "dfarine@ab.mpg.de") as necessary. Flavors: r-devel-linux-x86_64-debian-clang, r-devel-linux-x86_64-debian-gcc

These binaries (installable software) and packages are in development.
They may not be fully stable and should be used with caution. We make no claims about them.