CRAN Package Check Results for Package aspline

Last updated on 2025-05-08 04:51:59 CEST.

Flavor Version Tinstall Tcheck Ttotal Status Flags
r-devel-linux-x86_64-debian-clang 0.2.0 30.66 90.30 120.96 NOTE
r-devel-linux-x86_64-debian-gcc 0.2.0 19.80 63.08 82.88 NOTE
r-devel-linux-x86_64-fedora-clang 0.2.0 191.83 OK
r-devel-linux-x86_64-fedora-gcc 0.2.0 202.29 OK
r-devel-windows-x86_64 0.2.0 38.00 109.00 147.00 OK
r-patched-linux-x86_64 0.2.0 28.02 85.88 113.90 OK
r-release-linux-x86_64 0.2.0 28.88 84.32 113.20 OK
r-release-macos-arm64 0.2.0 53.00 OK
r-release-macos-x86_64 0.2.0 91.00 OK
r-release-windows-x86_64 0.2.0 37.00 112.00 149.00 OK
r-oldrel-macos-arm64 0.2.0 59.00 OK
r-oldrel-macos-x86_64 0.2.0 85.00 OK
r-oldrel-windows-x86_64 0.2.0 45.00 136.00 181.00 OK

Check Details

Version: 0.2.0
Check: CRAN incoming feasibility
Result: NOTE Maintainer: ‘Vivien Goepp <vivien.goepp@gmail.com>’ The Description field contains Selection", <arXiv:1808.01770>. Please refer to arXiv e-prints via their arXiv DOI <doi:10.48550/arXiv.YYMM.NNNNN>. Flavors: r-devel-linux-x86_64-debian-clang, r-devel-linux-x86_64-debian-gcc

These binaries (installable software) and packages are in development.
They may not be fully stable and should be used with caution. We make no claims about them.