Last updated on 2025-05-08 04:51:59 CEST.
Flavor | Version | Tinstall | Tcheck | Ttotal | Status | Flags |
---|---|---|---|---|---|---|
r-devel-linux-x86_64-debian-clang | 4.4.48 | 29.93 | 226.96 | 256.89 | OK | |
r-devel-linux-x86_64-debian-gcc | 4.4.48 | 16.89 | 145.26 | 162.15 | OK | |
r-devel-linux-x86_64-fedora-clang | 4.4.48 | 439.79 | OK | |||
r-devel-linux-x86_64-fedora-gcc | 4.4.48 | 441.97 | OK | |||
r-devel-windows-x86_64 | 4.4.48 | 31.00 | 244.00 | 275.00 | OK | |
r-patched-linux-x86_64 | 4.4.48 | 31.77 | 209.12 | 240.89 | OK | |
r-release-linux-x86_64 | 4.4.48 | 27.46 | 213.47 | 240.93 | OK | |
r-release-macos-arm64 | 4.4.48 | 62.00 | OK | |||
r-release-macos-x86_64 | 4.4.48 | 130.00 | OK | |||
r-release-windows-x86_64 | 4.4.48 | 31.00 | 248.00 | 279.00 | OK | |
r-oldrel-macos-arm64 | 4.4.48 | 85.00 | NOTE | |||
r-oldrel-macos-x86_64 | 4.4.48 | 134.00 | NOTE | |||
r-oldrel-windows-x86_64 | 4.4.48 | 40.00 | 304.00 | 344.00 | NOTE |
Version: 4.4.48
Check: package dependencies
Result: NOTE
Package which this enhances but not available for checking: ‘asreml’
Flavors: r-oldrel-macos-arm64, r-oldrel-macos-x86_64, r-oldrel-windows-x86_64
These binaries (installable software) and packages are in development.
They may not be fully stable and should be used with caution. We make no claims about them.