Last updated on 2025-10-24 03:50:21 CEST.
| Flavor | Version | Tinstall | Tcheck | Ttotal | Status | Flags |
|---|---|---|---|---|---|---|
| r-devel-linux-x86_64-debian-clang | 4.4.51 | 29.73 | 240.82 | 270.55 | OK | |
| r-devel-linux-x86_64-debian-gcc | 4.4.51 | 16.00 | 151.84 | 167.84 | NOTE | |
| r-devel-linux-x86_64-fedora-clang | 4.4.51 | 70.00 | 353.69 | 423.69 | OK | |
| r-devel-linux-x86_64-fedora-gcc | 4.4.51 | 62.00 | 341.90 | 403.90 | OK | |
| r-devel-windows-x86_64 | 4.4.51 | 31.00 | 251.00 | 282.00 | OK | |
| r-patched-linux-x86_64 | 4.4.51 | 33.25 | 222.17 | 255.42 | OK | |
| r-release-linux-x86_64 | 4.4.51 | 23.12 | 223.43 | 246.55 | OK | |
| r-release-macos-arm64 | 4.4.51 | 11.00 | 80.00 | 91.00 | OK | |
| r-release-macos-x86_64 | 4.4.51 | 21.00 | 133.00 | 154.00 | OK | |
| r-release-windows-x86_64 | 4.4.51 | 27.00 | 249.00 | 276.00 | OK | |
| r-oldrel-macos-arm64 | 4.4.51 | 11.00 | 83.00 | 94.00 | NOTE | |
| r-oldrel-macos-x86_64 | 4.4.51 | 21.00 | 153.00 | 174.00 | NOTE | |
| r-oldrel-windows-x86_64 | 4.4.51 | 42.00 | 315.00 | 357.00 | NOTE |
Version: 4.4.51
Check: Rd files
Result: NOTE
checkRd: (-1) asremlPlus-package.Rd:19-322: Only 2 columns allowed in this table (row 1 has 1)
checkRd: (-1) asremlPlus-package.Rd:19-322: Only 2 columns allowed in this table (row 2 has 1)
checkRd: (-1) asremlPlus-package.Rd:19-322: Only 2 columns allowed in this table (row 9 has 1)
checkRd: (-1) asremlPlus-package.Rd:19-322: Only 2 columns allowed in this table (row 10 has 1)
checkRd: (-1) asremlPlus-package.Rd:19-322: Only 2 columns allowed in this table (row 11 has 1)
checkRd: (-1) asremlPlus-package.Rd:19-322: Only 2 columns allowed in this table (row 35 has 1)
checkRd: (-1) asremlPlus-package.Rd:19-322: Only 2 columns allowed in this table (row 36 has 1)
checkRd: (-1) asremlPlus-package.Rd:19-322: Only 2 columns allowed in this table (row 37 has 1)
checkRd: (-1) asremlPlus-package.Rd:19-322: Only 2 columns allowed in this table (row 71 has 1)
checkRd: (-1) asremlPlus-package.Rd:19-322: Only 2 columns allowed in this table (row 72 has 1)
checkRd: (-1) asremlPlus-package.Rd:19-322: Only 2 columns allowed in this table (row 73 has 1)
checkRd: (-1) asremlPlus-package.Rd:19-322: Only 2 columns allowed in this table (row 83 has 1)
checkRd: (-1) asremlPlus-package.Rd:19-322: Only 2 columns allowed in this table (row 84 has 1)
checkRd: (-1) asremlPlus-package.Rd:19-322: Only 2 columns allowed in this table (row 85 has 1)
checkRd: (-1) asremlPlus-package.Rd:19-322: Only 2 columns allowed in this table (row 139 has 1)
checkRd: (-1) asremlPlus-package.Rd:19-322: Only 2 columns allowed in this table (row 140 has 1)
checkRd: (-1) asremlPlus-package.Rd:19-322: Only 2 columns allowed in this table (row 147 has 1)
checkRd: (-1) asremlPlus-package.Rd:19-322: Only 2 columns allowed in this table (row 148 has 1)
checkRd: (-1) asremlPlus-package.Rd:19-322: Only 2 columns allowed in this table (row 149 has 1)
checkRd: (-1) asremlPlus-package.Rd:19-322: Only 2 columns allowed in this table (row 200 has 1)
checkRd: (-1) asremlPlus-package.Rd:19-322: Only 2 columns allowed in this table (row 201 has 1)
checkRd: (-1) asremlPlus-package.Rd:19-322: Only 2 columns allowed in this table (row 202 has 1)
Flavor: r-devel-linux-x86_64-debian-gcc
Version: 4.4.51
Check: package dependencies
Result: NOTE
Package which this enhances but not available for checking: ‘asreml’
Flavors: r-oldrel-macos-arm64, r-oldrel-macos-x86_64, r-oldrel-windows-x86_64
These binaries (installable software) and packages are in development.
They may not be fully stable and should be used with caution. We make no claims about them.