Last updated on 2024-07-27 15:50:11 CEST.
Flavor | Version | Tinstall | Tcheck | Ttotal | Status | Flags |
---|---|---|---|---|---|---|
r-devel-linux-x86_64-debian-clang | 4.4.35 | 31.33 | 279.72 | 311.05 | NOTE | |
r-devel-linux-x86_64-debian-gcc | 4.4.35 | NOTE | ||||
r-devel-linux-x86_64-fedora-clang | 4.4.35 | 397.80 | NOTE | |||
r-devel-linux-x86_64-fedora-gcc | 4.4.35 | 367.86 | NOTE | |||
r-devel-windows-x86_64 | 4.4.35 | 30.00 | 232.00 | 262.00 | NOTE | |
r-patched-linux-x86_64 | 4.4.35 | NOTE | ||||
r-release-linux-x86_64 | 4.4.35 | 32.62 | 258.83 | 291.45 | NOTE | |
r-release-macos-arm64 | 4.4.35 | 59.00 | NOTE | |||
r-release-macos-x86_64 | 4.4.35 | 98.00 | NOTE | |||
r-release-windows-x86_64 | 4.4.35 | 28.00 | 230.00 | 258.00 | NOTE | |
r-oldrel-macos-arm64 | 4.4.35 | 67.00 | NOTE | |||
r-oldrel-macos-x86_64 | 4.4.35 | 127.00 | NOTE | |||
r-oldrel-windows-x86_64 | 4.4.35 | 36.00 | 293.00 | 329.00 | NOTE |
Version: 4.4.35
Check: package dependencies
Result: NOTE
Package which this enhances but not available for checking: ‘asreml’
Flavors: r-devel-linux-x86_64-debian-clang, r-devel-linux-x86_64-debian-gcc, r-devel-linux-x86_64-fedora-clang, r-devel-linux-x86_64-fedora-gcc, r-devel-windows-x86_64, r-patched-linux-x86_64, r-release-linux-x86_64, r-release-macos-arm64, r-release-macos-x86_64, r-release-windows-x86_64, r-oldrel-macos-arm64, r-oldrel-macos-x86_64, r-oldrel-windows-x86_64
These binaries (installable software) and packages are in development.
They may not be fully stable and should be used with caution. We make no claims about them.