CRAN Package Check Results for Package assert

Last updated on 2025-10-03 15:49:42 CEST.

Flavor Version Tinstall Tcheck Ttotal Status Flags
r-devel-linux-x86_64-debian-clang 1.0.1 1.39 17.22 18.61 OK
r-devel-linux-x86_64-debian-gcc 1.0.1 1.28 14.45 15.73 OK
r-devel-linux-x86_64-fedora-clang 1.0.1 27.88 OK
r-devel-linux-x86_64-fedora-gcc 1.0.1 26.48 OK
r-devel-windows-x86_64 1.0.1 2.00 33.00 35.00 OK
r-patched-linux-x86_64 1.0.1 1.46 16.44 17.90 OK
r-release-linux-x86_64 1.0.1 1.27 16.55 17.82 OK
r-release-macos-arm64 1.0.1 15.00 OK
r-release-macos-x86_64 1.0.1 22.00 OK
r-release-windows-x86_64 1.0.1 3.00 38.00 41.00 OK
r-oldrel-macos-arm64 1.0.1 18.00 NOTE
r-oldrel-macos-x86_64 1.0.1 18.00 NOTE
r-oldrel-windows-x86_64 1.0.1 3.00 34.00 37.00 NOTE

Check Details

Version: 1.0.1
Check: LazyData
Result: NOTE 'LazyData' is specified without a 'data' directory Flavors: r-oldrel-macos-arm64, r-oldrel-macos-x86_64, r-oldrel-windows-x86_64

These binaries (installable software) and packages are in development.
They may not be fully stable and should be used with caution. We make no claims about them.