Last updated on 2025-05-08 04:51:59 CEST.
Flavor | Version | Tinstall | Tcheck | Ttotal | Status | Flags |
---|---|---|---|---|---|---|
r-devel-linux-x86_64-debian-clang | 0.2.8 | 2.45 | 32.46 | 34.91 | OK | |
r-devel-linux-x86_64-debian-gcc | 0.2.8 | 1.70 | 25.83 | 27.53 | OK | |
r-devel-linux-x86_64-fedora-clang | 0.2.8 | 55.39 | OK | |||
r-devel-linux-x86_64-fedora-gcc | 0.2.8 | 66.75 | OK | |||
r-devel-windows-x86_64 | 0.2.8 | 3.00 | 61.00 | 64.00 | OK | |
r-patched-linux-x86_64 | 0.2.8 | 2.10 | 30.61 | 32.71 | OK | |
r-release-linux-x86_64 | 0.2.8 | 1.93 | 30.37 | 32.30 | OK | |
r-release-macos-arm64 | 0.2.8 | 36.00 | OK | |||
r-release-macos-x86_64 | 0.2.8 | 59.00 | OK | |||
r-release-windows-x86_64 | 0.2.8 | 4.00 | 62.00 | 66.00 | OK | |
r-oldrel-macos-arm64 | 0.2.8 | 40.00 | NOTE | |||
r-oldrel-macos-x86_64 | 0.2.8 | 50.00 | NOTE | |||
r-oldrel-windows-x86_64 | 0.2.8 | 5.00 | 67.00 | 72.00 | NOTE |
Version: 0.2.8
Check: LazyData
Result: NOTE
'LazyData' is specified without a 'data' directory
Flavors: r-oldrel-macos-arm64, r-oldrel-macos-x86_64, r-oldrel-windows-x86_64
These binaries (installable software) and packages are in development.
They may not be fully stable and should be used with caution. We make no claims about them.