CRAN Package Check Results for Package assignPOP

Last updated on 2025-05-01 08:52:27 CEST.

Flavor Version Tinstall Tcheck Ttotal Status Flags
r-devel-linux-x86_64-debian-clang 1.3.0 23.84 136.02 159.86 NOTE
r-devel-linux-x86_64-debian-gcc 1.3.0 14.85 93.10 107.95 NOTE
r-devel-linux-x86_64-fedora-clang 1.3.0 234.12 OK
r-devel-linux-x86_64-fedora-gcc 1.3.0 218.59 OK
r-devel-windows-x86_64 1.3.0 21.00 128.00 149.00 OK
r-patched-linux-x86_64 1.3.0 20.39 127.76 148.15 OK
r-release-linux-x86_64 OK
r-release-macos-arm64 1.3.0 65.00 OK
r-release-macos-x86_64 1.3.0 139.00 OK
r-release-windows-x86_64 1.3.0 21.00 132.00 153.00 OK
r-oldrel-macos-arm64 1.3.0 59.00 OK
r-oldrel-macos-x86_64 1.3.0 99.00 OK
r-oldrel-windows-x86_64 1.3.0 29.00 163.00 192.00 OK

Check Details

Version: 1.3.0
Check: CRAN incoming feasibility
Result: NOTE Maintainer: ‘Kuan-Yu (Alex) Chen <alexkychen@gmail.com>’ No Authors@R field in DESCRIPTION. Please add one, modifying Authors@R: c(person(given = "Kuan-Yu", family = "Chen", role = c("aut", "cre"), comment = "Alex"), person(given = c("Elizabeth", "A."), family = "Marschall", role = "aut"), person(given = c("Michael", "G."), family = "Sovic", role = "aut"), person(given = c("Anthony", "C."), family = "Fries", role = "aut"), person(given = c("H.", "Lisle"), family = "Gibbs", role = "aut"), person(given = c("Stuart", "A."), family = "Ludsin", role = "aut"), person(given = "Kuan-Yu", family = "Chen", role = "cre", email = "alexkychen@gmail.com", comment = "Alex")) as necessary. Flavors: r-devel-linux-x86_64-debian-clang, r-devel-linux-x86_64-debian-gcc

These binaries (installable software) and packages are in development.
They may not be fully stable and should be used with caution. We make no claims about them.