CRAN Package Check Results for Package ast2ast

Last updated on 2025-05-08 04:51:59 CEST.

Flavor Version Tinstall Tcheck Ttotal Status Flags
r-devel-linux-x86_64-debian-clang 0.3.2 12.37 190.96 203.33 NOTE
r-devel-linux-x86_64-debian-gcc 0.3.2 8.26 138.97 147.23 NOTE
r-devel-linux-x86_64-fedora-clang 0.3.2 366.91 OK
r-devel-linux-x86_64-fedora-gcc 0.3.2 400.62 OK
r-devel-windows-x86_64 0.3.2 14.00 232.00 246.00 OK
r-patched-linux-x86_64 0.3.2 13.50 186.09 199.59 OK
r-release-linux-x86_64 0.3.2 13.49 189.85 203.34 OK
r-release-macos-arm64 0.3.2 184.00 OK
r-release-macos-x86_64 0.3.2 187.00 OK
r-release-windows-x86_64 0.3.2 14.00 230.00 244.00 OK
r-oldrel-macos-arm64 0.3.2 119.00 OK
r-oldrel-macos-x86_64 0.3.2 158.00 OK
r-oldrel-windows-x86_64 0.3.2 18.00 291.00 309.00 OK

Check Details

Version: 0.3.2
Check: CRAN incoming feasibility
Result: NOTE Maintainer: ‘Krämer Konrad <konrad_kraemer@yahoo.de>’ No Authors@R field in DESCRIPTION. Please add one, modifying Authors@R: person(given = "Krämer", family = "Konrad", role = c("aut", "cre"), email = "konrad_kraemer@yahoo.de") as necessary. The BugReports field in DESCRIPTION has https://github.com/Konrad1991/ast2ast which should likely be https://github.com/Konrad1991/ast2ast/issues instead. Flavors: r-devel-linux-x86_64-debian-clang, r-devel-linux-x86_64-debian-gcc

These binaries (installable software) and packages are in development.
They may not be fully stable and should be used with caution. We make no claims about them.