Last updated on 2025-07-23 05:48:39 CEST.
Flavor | Version | Tinstall | Tcheck | Ttotal | Status | Flags |
---|---|---|---|---|---|---|
r-devel-linux-x86_64-debian-clang | 0.3.2 | 14.08 | 191.52 | 205.60 | NOTE | |
r-devel-linux-x86_64-debian-gcc | 0.3.2 | 8.61 | 139.32 | 147.93 | NOTE | |
r-devel-linux-x86_64-fedora-clang | 0.3.2 | 398.93 | OK | |||
r-devel-linux-x86_64-fedora-gcc | 0.3.2 | 373.91 | OK | |||
r-devel-windows-x86_64 | 0.3.2 | 13.00 | 225.00 | 238.00 | OK | |
r-patched-linux-x86_64 | 0.3.2 | 11.48 | 194.31 | 205.79 | OK | |
r-release-linux-x86_64 | 0.3.2 | 13.47 | 193.92 | 207.39 | OK | |
r-release-macos-arm64 | 0.3.2 | 184.00 | OK | |||
r-release-macos-x86_64 | 0.3.2 | 187.00 | OK | |||
r-release-windows-x86_64 | 0.3.2 | 14.00 | 227.00 | 241.00 | OK | |
r-oldrel-macos-arm64 | 0.3.2 | 119.00 | OK | |||
r-oldrel-macos-x86_64 | 0.3.2 | 158.00 | OK | |||
r-oldrel-windows-x86_64 | 0.3.2 | 17.00 | 296.00 | 313.00 | OK |
Version: 0.3.2
Check: CRAN incoming feasibility
Result: NOTE
Maintainer: ‘Krämer Konrad <konrad_kraemer@yahoo.de>’
No Authors@R field in DESCRIPTION.
Please add one, modifying
Authors@R: person(given = "Krämer",
family = "Konrad",
role = c("aut", "cre"),
email = "konrad_kraemer@yahoo.de")
as necessary.
The BugReports field in DESCRIPTION has
https://github.com/Konrad1991/ast2ast
which should likely be
https://github.com/Konrad1991/ast2ast/issues
instead.
Flavors: r-devel-linux-x86_64-debian-clang, r-devel-linux-x86_64-debian-gcc
These binaries (installable software) and packages are in development.
They may not be fully stable and should be used with caution. We make no claims about them.