Last updated on 2025-11-12 12:53:04 CET.
| Flavor | Version | Tinstall | Tcheck | Ttotal | Status | Flags |
|---|---|---|---|---|---|---|
| r-devel-linux-x86_64-debian-clang | 1.4.5 | 53.23 | 171.51 | 224.74 | OK | |
| r-devel-linux-x86_64-debian-gcc | 1.4.5 | 38.79 | 113.10 | 151.89 | OK | |
| r-devel-linux-x86_64-fedora-clang | 1.4.5 | 226.00 | 176.77 | 402.77 | OK | |
| r-devel-linux-x86_64-fedora-gcc | 1.4.5 | 127.00 | 237.37 | 364.37 | OK | |
| r-devel-windows-x86_64 | 1.4.5 | 58.00 | 183.00 | 241.00 | OK | |
| r-patched-linux-x86_64 | 1.4.5 | 56.19 | 163.29 | 219.48 | OK | |
| r-release-linux-x86_64 | 1.4.5 | 52.42 | 166.25 | 218.67 | OK | |
| r-release-macos-arm64 | 1.4.5 | 25.00 | 86.00 | 111.00 | OK | |
| r-release-macos-x86_64 | 1.4.5 | 40.00 | 164.00 | 204.00 | OK | |
| r-release-windows-x86_64 | 1.4.5 | 61.00 | 171.00 | 232.00 | OK | |
| r-oldrel-macos-arm64 | 1.4.5 | 24.00 | 78.00 | 102.00 | NOTE | |
| r-oldrel-macos-x86_64 | 1.4.5 | 40.00 | 173.00 | 213.00 | NOTE | |
| r-oldrel-windows-x86_64 | 1.4.5 | 84.00 | 226.00 | 310.00 | NOTE |
Version: 1.4.5
Check: package dependencies
Result: NOTE
Package suggested but not available for checking: ‘asteRiskData’
Flavors: r-oldrel-macos-arm64, r-oldrel-macos-x86_64, r-oldrel-windows-x86_64
Version: 1.4.5
Check: installed package size
Result: NOTE
installed size is 7.9Mb
sub-directories of 1Mb or more:
libs 4.5Mb
Flavors: r-oldrel-macos-arm64, r-oldrel-macos-x86_64
Version: 1.4.5
Check: for GNU extensions in Makefiles
Result: NOTE
GNU make is a SystemRequirements.
Flavors: r-oldrel-macos-arm64, r-oldrel-macos-x86_64, r-oldrel-windows-x86_64
These binaries (installable software) and packages are in development.
They may not be fully stable and should be used with caution. We make no claims about them.