CRAN Package Check Results for Package astroFns

Last updated on 2025-10-24 11:50:41 CEST.

Flavor Version Tinstall Tcheck Ttotal Status Flags
r-devel-linux-x86_64-debian-clang 4.2-1 2.29 21.66 23.95 NOTE
r-devel-linux-x86_64-debian-gcc 4.2-1 1.66 17.50 19.16 NOTE
r-devel-linux-x86_64-fedora-clang 4.2-1 35.16 OK
r-devel-linux-x86_64-fedora-gcc 4.2-1 32.87 OK
r-devel-windows-x86_64 4.2-1 3.00 39.00 42.00 OK
r-patched-linux-x86_64 4.2-1 2.12 20.67 22.79 OK
r-release-linux-x86_64 4.2-1 2.18 20.43 22.61 OK
r-release-macos-arm64 4.2-1 1.00 15.00 16.00 OK
r-release-macos-x86_64 4.2-1 2.00 23.00 25.00 OK
r-release-windows-x86_64 4.2-1 3.00 44.00 47.00 OK
r-oldrel-macos-arm64 4.2-1 1.00 19.00 20.00 OK
r-oldrel-macos-x86_64 4.2-1 2.00 18.00 20.00 OK
r-oldrel-windows-x86_64 4.2-1 3.00 39.00 42.00 OK

Check Details

Version: 4.2-1
Check: CRAN incoming feasibility
Result: NOTE Maintainer: ‘Andrew Harris <harris@astro.umd.edu>’ No Authors@R field in DESCRIPTION. Please add one, modifying Authors@R: person(given = "Andrew", family = "Harris", role = c("aut", "cre"), email = "harris@astro.umd.edu") as necessary. Flavors: r-devel-linux-x86_64-debian-clang, r-devel-linux-x86_64-debian-gcc

These binaries (installable software) and packages are in development.
They may not be fully stable and should be used with caution. We make no claims about them.